CRAN Package Check Results for Package bsam

Last updated on 2021-10-23 16:49:26 CEST.

Flavor Version Tinstall Tcheck Ttotal Status Flags
r-devel-linux-x86_64-debian-clang 1.1.3 13.12 94.83 107.95 OK
r-devel-linux-x86_64-debian-gcc 1.1.3 9.73 70.93 80.66 OK
r-devel-linux-x86_64-fedora-clang 1.1.3 137.89 NOTE
r-devel-linux-x86_64-fedora-gcc 1.1.3 123.12 NOTE
r-devel-windows-x86_64 1.1.3 19.00 112.00 131.00 OK
r-devel-windows-x86_64-gcc10-UCRT 1.1.3 NOTE
r-patched-linux-x86_64 1.1.3 12.74 90.10 102.84 OK
r-patched-solaris-x86 1.1.3 189.40 NOTE
r-release-linux-x86_64 1.1.3 11.87 90.53 102.40 OK
r-release-macos-arm64 1.1.3 NOTE
r-release-macos-x86_64 1.1.3 NOTE
r-release-windows-ix86+x86_64 1.1.3 21.00 112.00 133.00 OK
r-oldrel-macos-x86_64 1.1.3 NOTE
r-oldrel-windows-ix86+x86_64 1.1.3 29.00 116.00 145.00 OK

Check Details

Version: 1.1.3
Check: dependencies in R code
Result: NOTE
    Namespaces in Imports field not imported from:
     ‘rworldxtra’ ‘sp’
     All declared Imports should be used.
Flavors: r-devel-linux-x86_64-fedora-clang, r-devel-linux-x86_64-fedora-gcc, r-devel-windows-x86_64-gcc10-UCRT, r-patched-solaris-x86, r-release-macos-arm64, r-release-macos-x86_64, r-oldrel-macos-x86_64