Last updated on 2023-05-28 23:13:54 CEST.
Flavor | Version | Tinstall | Tcheck | Ttotal | Status | Flags |
---|---|---|---|---|---|---|
r-devel-linux-x86_64-debian-clang | 1.1.3 | 14.11 | 108.04 | 122.15 | OK | |
r-devel-linux-x86_64-debian-gcc | 1.1.3 | 10.38 | 80.71 | 91.09 | OK | |
r-devel-linux-x86_64-fedora-clang | 1.1.3 | 150.46 | NOTE | |||
r-devel-linux-x86_64-fedora-gcc | 1.1.3 | 144.64 | NOTE | |||
r-devel-windows-x86_64 | 1.1.3 | 13.00 | 91.00 | 104.00 | OK | |
r-patched-linux-x86_64 | 1.1.3 | 15.57 | 103.55 | 119.12 | OK | |
r-release-linux-x86_64 | 1.1.3 | 12.04 | 100.35 | 112.39 | OK | |
r-release-macos-arm64 | 1.1.3 | 44.00 | OK | |||
r-release-macos-x86_64 | 1.1.3 | 72.00 | OK | |||
r-release-windows-x86_64 | 1.1.3 | 16.00 | 111.00 | 127.00 | OK | |
r-oldrel-macos-arm64 | 1.1.3 | 52.00 | NOTE | |||
r-oldrel-macos-x86_64 | 1.1.3 | 63.00 | NOTE | |||
r-oldrel-windows-x86_64 | 1.1.3 | 16.00 | 111.00 | 127.00 | OK |
Version: 1.1.3
Check: dependencies in R code
Result: NOTE
Namespaces in Imports field not imported from:
‘rworldxtra’ ‘sp’
All declared Imports should be used.
Flavors: r-devel-linux-x86_64-fedora-clang, r-devel-linux-x86_64-fedora-gcc, r-oldrel-macos-arm64, r-oldrel-macos-x86_64