Last updated on 2024-04-20 00:56:01 CEST.
Flavor | Version | Tinstall | Tcheck | Ttotal | Status | Flags |
---|---|---|---|---|---|---|
r-devel-linux-x86_64-debian-clang | 0.0.61 | 20.00 | 32.25 | 52.25 | OK | |
r-devel-linux-x86_64-debian-gcc | 0.0.61 | OK | ||||
r-devel-linux-x86_64-fedora-clang | 0.0.61 | 75.83 | NOTE | |||
r-devel-linux-x86_64-fedora-gcc | 0.0.61 | 74.87 | OK | |||
r-prerel-macos-arm64 | 0.0.61 | 23.00 | OK | |||
r-prerel-windows-x86_64 | 0.0.61 | 21.00 | 67.00 | 88.00 | OK | |
r-patched-linux-x86_64 | 0.0.61 | 25.09 | 30.78 | 55.87 | OK | |
r-release-linux-x86_64 | 0.0.61 | 21.63 | 30.52 | 52.15 | OK | |
r-release-macos-arm64 | 0.0.61 | 25.00 | OK | |||
r-release-macos-x86_64 | 0.0.61 | 37.00 | OK | |||
r-release-windows-x86_64 | 0.0.61 | 25.00 | 75.00 | 100.00 | OK | |
r-oldrel-macos-arm64 | 0.0.61 | 24.00 | OK | |||
r-oldrel-windows-x86_64 | 0.0.61 | 24.00 | 74.00 | 98.00 | OK |
Version: 0.0.61
Check: Rd cross-references
Result: NOTE
Undeclared package ‘data.table’ in Rd xrefs
Flavor: r-devel-linux-x86_64-fedora-clang