Last updated on 2024-04-24 09:21:41 CEST.
Flavor | Version | Tinstall | Tcheck | Ttotal | Status | Flags |
---|---|---|---|---|---|---|
r-devel-linux-x86_64-debian-clang | 2.2 | 40.07 | 33.68 | 73.75 | NOTE | |
r-devel-linux-x86_64-debian-gcc | 2.2 | 32.61 | 25.50 | 58.11 | NOTE | |
r-devel-linux-x86_64-fedora-clang | 2.2 | 104.52 | NOTE | |||
r-devel-linux-x86_64-fedora-gcc | 2.2 | 105.01 | NOTE | |||
r-patched-linux-x86_64 | 2.2 | 40.96 | 32.17 | 73.13 | NOTE | |
r-release-linux-x86_64 | 2.2 | 42.74 | 32.55 | 75.29 | OK | |
r-release-macos-arm64 | 2.2 | 29.00 | OK | |||
r-release-windows-x86_64 | 2.2 | 41.00 | 74.00 | 115.00 | OK | |
r-oldrel-macos-arm64 | 2.2 | 33.00 | OK | |||
r-oldrel-macos-x86_64 | 2.2 | 65.00 | OK | |||
r-oldrel-windows-x86_64 | 2.2 | 37.00 | 73.00 | 110.00 | OK |
Version: 2.2
Check: Rd files
Result: NOTE
checkRd: (-1) bsc.Rd:51: Lost braces; missing escapes or markup?
51 | {splines::bs()}, {splines2::bSpline()}
| ^
checkRd: (-1) bsp.Rd:37: Lost braces; missing escapes or markup?
37 | {bsc}, {par2bsp}
| ^
checkRd: (-1) bspline.Rd:23: Lost braces in \itemize; meant \describe ?
checkRd: (-1) bspline.Rd:24: Lost braces in \itemize; meant \describe ?
checkRd: (-1) bspline.Rd:25: Lost braces in \itemize; meant \describe ?
checkRd: (-1) bspline.Rd:26: Lost braces in \itemize; meant \describe ?
checkRd: (-1) bspline.Rd:27: Lost braces in \itemize; meant \describe ?
checkRd: (-1) bspline.Rd:28: Lost braces in \itemize; meant \describe ?
checkRd: (-1) bspline.Rd:29: Lost braces in \itemize; meant \describe ?
checkRd: (-1) bspline.Rd:30: Lost braces in \itemize; meant \describe ?
Flavors: r-devel-linux-x86_64-debian-clang, r-devel-linux-x86_64-debian-gcc, r-devel-linux-x86_64-fedora-clang, r-devel-linux-x86_64-fedora-gcc, r-patched-linux-x86_64