Last updated on 2022-06-25 16:51:44 CEST.
Flavor | Version | Tinstall | Tcheck | Ttotal | Status | Flags |
---|---|---|---|---|---|---|
r-devel-linux-x86_64-debian-clang | 2.0.1 | 734.11 | 491.32 | 1225.43 | OK | |
r-devel-linux-x86_64-debian-gcc | 2.0.1 | 578.14 | 311.20 | 889.34 | OK | |
r-devel-linux-x86_64-fedora-clang | 2.0.1 | 1684.05 | NOTE | |||
r-devel-linux-x86_64-fedora-gcc | 2.0.1 | 1592.60 | OK | |||
r-devel-windows-x86_64 | 2.0.1 | 504.00 | 514.00 | 1018.00 | NOTE | |
r-patched-linux-x86_64 | 2.0.1 | 617.01 | 408.67 | 1025.68 | OK | |
r-release-linux-x86_64 | 2.0.1 | 616.15 | 405.11 | 1021.26 | OK | |
r-release-macos-arm64 | 2.0.1 | 379.00 | NOTE | |||
r-release-macos-x86_64 | 2.0.1 | 431.00 | NOTE | |||
r-release-windows-x86_64 | 2.0.1 | 496.00 | 495.00 | 991.00 | NOTE | |
r-oldrel-macos-arm64 | 2.0.1 | 298.00 | NOTE | |||
r-oldrel-macos-x86_64 | 2.0.1 | 467.00 | NOTE | |||
r-oldrel-windows-ix86+x86_64 | 2.0.1 | 1730.00 | 679.00 | 2409.00 | NOTE |
Version: 2.0.1
Check: installed package size
Result: NOTE
installed size is 26.8Mb
sub-directories of 1Mb or more:
data 1.1Mb
doc 2.8Mb
libs 22.3Mb
Flavors: r-devel-linux-x86_64-fedora-clang, r-devel-windows-x86_64, r-release-macos-arm64, r-release-macos-x86_64, r-release-windows-x86_64, r-oldrel-macos-arm64, r-oldrel-macos-x86_64, r-oldrel-windows-ix86+x86_64