Last updated on 2024-04-24 00:55:37 CEST.
Flavor | Version | Tinstall | Tcheck | Ttotal | Status | Flags |
---|---|---|---|---|---|---|
r-devel-linux-x86_64-debian-clang | 1.0 | 11.18 | 69.81 | 80.99 | OK | |
r-devel-linux-x86_64-debian-gcc | 1.0 | 7.46 | 51.16 | 58.62 | OK | |
r-devel-linux-x86_64-fedora-clang | 1.0 | 104.36 | NOTE | |||
r-devel-linux-x86_64-fedora-gcc | 1.0 | 92.66 | NOTE | |||
r-prerel-macos-arm64 | 1.0 | 31.00 | OK | |||
r-prerel-windows-x86_64 | 1.0 | 9.00 | 67.00 | 76.00 | OK | |
r-patched-linux-x86_64 | 1.0 | 8.77 | 65.31 | 74.08 | OK | |
r-release-linux-x86_64 | 1.0 | 8.01 | 65.36 | 73.37 | OK | |
r-release-macos-arm64 | 1.0 | 30.00 | OK | |||
r-release-macos-x86_64 | 1.0 | 48.00 | OK | |||
r-release-windows-x86_64 | 1.0 | 12.00 | 78.00 | 90.00 | OK | |
r-oldrel-macos-arm64 | 1.0 | 33.00 | NOTE | |||
r-oldrel-windows-x86_64 | 1.0 | 12.00 | 75.00 | 87.00 | OK |
Version: 1.0
Check: dependencies in R code
Result: NOTE
Namespaces in Imports field not imported from:
‘mvtnorm’ ‘ssmn’
All declared Imports should be used.
Flavors: r-devel-linux-x86_64-fedora-clang, r-devel-linux-x86_64-fedora-gcc, r-oldrel-macos-arm64