CRAN Package Check Results for Package buildr

Last updated on 2021-10-16 13:03:50 CEST.

Flavor Version Tinstall Tcheck Ttotal Status Flags
r-devel-linux-x86_64-debian-clang 0.1.0 4.60 38.94 43.54 NOTE
r-devel-linux-x86_64-debian-gcc 0.1.0 3.59 30.12 33.71 NOTE
r-devel-linux-x86_64-fedora-clang 0.1.0 62.98 NOTE
r-devel-linux-x86_64-fedora-gcc 0.1.0 50.51 NOTE
r-devel-windows-x86_64 0.1.0 8.00 45.00 53.00 NOTE
r-devel-windows-x86_64-gcc10-UCRT 0.1.0 NOTE
r-patched-linux-x86_64 0.1.0 3.70 36.70 40.40 NOTE
r-patched-solaris-x86 0.1.0 80.00 NOTE
r-release-linux-x86_64 0.1.0 3.11 37.18 40.29 NOTE
r-release-macos-arm64 0.1.0 NOTE
r-release-macos-x86_64 0.1.0 NOTE
r-release-windows-ix86+x86_64 0.1.0 11.00 57.00 68.00 NOTE
r-oldrel-macos-x86_64 0.1.0 OK
r-oldrel-windows-ix86+x86_64 0.1.0 12.00 56.00 68.00 OK

Check Details

Version: 0.1.0
Check: LazyData
Result: NOTE
     'LazyData' is specified without a 'data' directory
Flavors: r-devel-linux-x86_64-debian-clang, r-devel-linux-x86_64-debian-gcc, r-devel-linux-x86_64-fedora-clang, r-devel-linux-x86_64-fedora-gcc, r-devel-windows-x86_64, r-devel-windows-x86_64-gcc10-UCRT, r-patched-linux-x86_64, r-patched-solaris-x86, r-release-linux-x86_64, r-release-macos-arm64, r-release-macos-x86_64, r-release-windows-ix86+x86_64