Last updated on 2024-03-28 15:49:42 CET.
Flavor | Version | Tinstall | Tcheck | Ttotal | Status | Flags |
---|---|---|---|---|---|---|
r-devel-linux-x86_64-debian-clang | 1.1.0 | 13.52 | 166.48 | 180.00 | OK | |
r-devel-linux-x86_64-debian-gcc | 1.1.0 | 10.79 | 126.42 | 137.21 | OK | |
r-devel-linux-x86_64-fedora-clang | 1.1.0 | 247.85 | NOTE | |||
r-devel-linux-x86_64-fedora-gcc | 1.1.0 | 241.29 | OK | |||
r-devel-windows-x86_64 | 1.1.0 | 12.00 | 151.00 | 163.00 | NOTE | |
r-patched-linux-x86_64 | 1.1.0 | 8.71 | 160.59 | 169.30 | OK | |
r-release-linux-x86_64 | 1.1.0 | 7.76 | 163.48 | 171.24 | OK | |
r-release-macos-arm64 | 1.1.0 | 7.00 | ERROR | |||
r-release-macos-x86_64 | 1.1.0 | 151.00 | NOTE | |||
r-release-windows-x86_64 | 1.1.0 | 16.00 | 192.00 | 208.00 | NOTE | |
r-oldrel-macos-arm64 | 1.1.0 | 82.00 | NOTE | |||
r-oldrel-windows-x86_64 | 1.1.0 | 17.00 | 190.00 | 207.00 | NOTE |
Version: 1.1.0
Check: package dependencies
Result: NOTE
Imports includes 32 non-default packages.
Importing from so many packages makes the package vulnerable to any of
them becoming unavailable. Move as many as possible to Suggests and
use conditionally.
Flavor: r-devel-linux-x86_64-fedora-clang
Version: 1.1.0
Check: installed package size
Result: NOTE
installed size is 6.2Mb
sub-directories of 1Mb or more:
doc 2.3Mb
extdata 3.4Mb
Flavors: r-devel-linux-x86_64-fedora-clang, r-devel-windows-x86_64, r-release-macos-x86_64, r-release-windows-x86_64, r-oldrel-macos-arm64, r-oldrel-windows-x86_64
Version: 1.1.0
Check: package dependencies
Result: ERROR
Package required but not available: ‘GENIE3’
Package suggested but not available for checking: ‘org.Mm.eg.db’
See section ‘The DESCRIPTION file’ in the ‘Writing R Extensions’
manual.
Flavor: r-release-macos-arm64
Version: 1.1.0
Check: package dependencies
Result: NOTE
Package suggested but not available for checking: ‘org.Mm.eg.db’
Flavor: r-release-macos-x86_64