CRAN Package Check Results for Package bumblebee

Last updated on 2023-02-04 01:54:13 CET.

Flavor Version Tinstall Tcheck Ttotal Status Flags
r-devel-linux-x86_64-debian-clang 0.1.0 5.91 50.67 56.58 OK
r-devel-linux-x86_64-debian-gcc 0.1.0 4.88 37.95 42.83 OK
r-devel-linux-x86_64-fedora-clang 0.1.0 79.41 NOTE
r-devel-linux-x86_64-fedora-gcc 0.1.0 84.72 NOTE
r-devel-windows-x86_64 0.1.0 46.00 81.00 127.00 OK
r-patched-linux-x86_64 0.1.0 5.12 47.96 53.08 OK
r-release-linux-x86_64 0.1.0 4.66 48.04 52.70 OK
r-release-macos-arm64 0.1.0 23.00 NOTE
r-release-macos-x86_64 0.1.0 45.00 NOTE
r-release-windows-x86_64 0.1.0 51.00 93.00 144.00 OK
r-oldrel-macos-arm64 0.1.0 30.00 NOTE
r-oldrel-macos-x86_64 0.1.0 43.00 NOTE
r-oldrel-windows-ix86+x86_64 0.1.0 14.00 76.00 90.00 OK

Check Details

Version: 0.1.0
Check: dependencies in R code
Result: NOTE
    Namespaces in Imports field not imported from:
     ‘Hmisc’ ‘magrittr’ ‘rmarkdown’
     All declared Imports should be used.
Flavors: r-devel-linux-x86_64-fedora-clang, r-devel-linux-x86_64-fedora-gcc, r-release-macos-arm64, r-release-macos-x86_64, r-oldrel-macos-arm64, r-oldrel-macos-x86_64