Last updated on 2024-03-28 15:49:42 CET.
Flavor | Version | Tinstall | Tcheck | Ttotal | Status | Flags |
---|---|---|---|---|---|---|
r-devel-linux-x86_64-debian-clang | 0.1.0 | 5.76 | 54.61 | 60.37 | OK | |
r-devel-linux-x86_64-debian-gcc | 0.1.0 | 4.94 | 41.28 | 46.22 | OK | |
r-devel-linux-x86_64-fedora-clang | 0.1.0 | 76.54 | NOTE | |||
r-devel-linux-x86_64-fedora-gcc | 0.1.0 | 85.92 | NOTE | |||
r-devel-windows-x86_64 | 0.1.0 | 6.00 | 62.00 | 68.00 | OK | |
r-patched-linux-x86_64 | 0.1.0 | 4.07 | 52.79 | 56.86 | OK | |
r-release-linux-x86_64 | 0.1.0 | 3.66 | 51.61 | 55.27 | OK | |
r-release-macos-arm64 | 0.1.0 | 31.00 | OK | |||
r-release-macos-x86_64 | 0.1.0 | 44.00 | OK | |||
r-release-windows-x86_64 | 0.1.0 | 8.00 | 72.00 | 80.00 | OK | |
r-oldrel-macos-arm64 | 0.1.0 | 23.00 | NOTE | |||
r-oldrel-windows-x86_64 | 0.1.0 | 8.00 | 70.00 | 78.00 | OK |
Version: 0.1.0
Check: dependencies in R code
Result: NOTE
Namespaces in Imports field not imported from:
‘Hmisc’ ‘magrittr’ ‘rmarkdown’
All declared Imports should be used.
Flavors: r-devel-linux-x86_64-fedora-clang, r-devel-linux-x86_64-fedora-gcc, r-oldrel-macos-arm64