CRAN Package Check Results for Package bunchr

Last updated on 2021-09-26 20:49:03 CEST.

Flavor Version Tinstall Tcheck Ttotal Status Flags
r-devel-linux-x86_64-debian-clang 1.2.0 3.35 544.17 547.52 NOTE
r-devel-linux-x86_64-debian-gcc 1.2.0 2.45 398.77 401.22 NOTE
r-devel-linux-x86_64-fedora-clang 1.2.0 641.03 NOTE
r-devel-linux-x86_64-fedora-gcc 1.2.0 639.48 NOTE
r-devel-windows-x86_64 1.2.0 4.00 301.00 305.00 NOTE --no-vignettes
r-devel-windows-x86_64-gcc10-UCRT 1.2.0 NOTE
r-patched-linux-x86_64 1.2.0 3.43 532.39 535.82 NOTE
r-patched-solaris-x86 1.2.0 913.80 NOTE
r-release-linux-x86_64 1.2.0 3.08 542.06 545.14 NOTE
r-release-macos-arm64 1.2.0 NOTE
r-release-macos-x86_64 1.2.0 NOTE
r-release-windows-ix86+x86_64 1.2.0 6.00 310.00 316.00 NOTE --no-vignettes
r-oldrel-macos-x86_64 1.2.0 OK
r-oldrel-windows-ix86+x86_64 1.2.0 4.00 302.00 306.00 OK --no-vignettes

Check Details

Version: 1.2.0
Check: LazyData
Result: NOTE
     'LazyData' is specified without a 'data' directory
Flavors: r-devel-linux-x86_64-debian-clang, r-devel-linux-x86_64-debian-gcc, r-devel-linux-x86_64-fedora-clang, r-devel-linux-x86_64-fedora-gcc, r-devel-windows-x86_64-gcc10-UCRT, r-patched-linux-x86_64, r-patched-solaris-x86, r-release-linux-x86_64, r-release-macos-arm64, r-release-macos-x86_64

Version: 1.2.0
Flags: --no-vignettes
Check: LazyData
Result: NOTE
     'LazyData' is specified without a 'data' directory
Flavors: r-devel-windows-x86_64, r-release-windows-ix86+x86_64