Last updated on 2023-05-28 23:13:54 CEST.
Flavor | Version | Tinstall | Tcheck | Ttotal | Status | Flags |
---|---|---|---|---|---|---|
r-devel-linux-x86_64-debian-clang | 0.1.0 | 227.44 | 95.75 | 323.19 | NOTE | |
r-devel-linux-x86_64-debian-gcc | 0.1.0 | 227.09 | 85.27 | 312.36 | NOTE | |
r-devel-linux-x86_64-fedora-clang | 0.1.0 | 433.02 | NOTE | |||
r-devel-linux-x86_64-fedora-gcc | 0.1.0 | 549.71 | NOTE | |||
r-devel-windows-x86_64 | 0.1.0 | 189.00 | 121.00 | 310.00 | NOTE | |
r-patched-linux-x86_64 | 0.1.0 | 159.05 | 107.38 | 266.43 | NOTE | |
r-release-linux-x86_64 | 0.1.0 | 177.04 | 106.16 | 283.20 | NOTE | |
r-release-macos-arm64 | 0.1.0 | 133.00 | NOTE | |||
r-release-macos-x86_64 | 0.1.0 | 214.00 | NOTE | |||
r-release-windows-x86_64 | 0.1.0 | 255.00 | 154.00 | 409.00 | NOTE | |
r-oldrel-macos-arm64 | 0.1.0 | 118.00 | NOTE | |||
r-oldrel-macos-x86_64 | 0.1.0 | 168.00 | NOTE | |||
r-oldrel-windows-x86_64 | 0.1.0 | 230.00 | 151.00 | 381.00 | NOTE |
Version: 0.1.0
Check: for GNU extensions in Makefiles
Result: NOTE
GNU make is a SystemRequirements.
Flavors: r-devel-linux-x86_64-debian-clang, r-devel-linux-x86_64-debian-gcc, r-devel-linux-x86_64-fedora-clang, r-devel-linux-x86_64-fedora-gcc, r-devel-windows-x86_64, r-patched-linux-x86_64, r-release-linux-x86_64, r-release-macos-arm64, r-release-macos-x86_64, r-release-windows-x86_64, r-oldrel-macos-arm64, r-oldrel-macos-x86_64, r-oldrel-windows-x86_64
Version: 0.1.0
Check: dependencies in R code
Result: NOTE
Namespaces in Imports field not imported from:
‘RcppParallel’ ‘rstantools’
All declared Imports should be used.
Flavors: r-devel-linux-x86_64-fedora-clang, r-devel-linux-x86_64-fedora-gcc, r-oldrel-macos-arm64, r-oldrel-macos-x86_64
Version: 0.1.0
Check: installed package size
Result: NOTE
installed size is 44.3Mb
sub-directories of 1Mb or more:
libs 43.9Mb
Flavors: r-release-macos-arm64, r-release-macos-x86_64, r-oldrel-macos-arm64, r-oldrel-macos-x86_64