Last updated on 2024-04-18 08:54:23 CEST.
Flavor | Version | Tinstall | Tcheck | Ttotal | Status | Flags |
---|---|---|---|---|---|---|
r-devel-linux-x86_64-debian-clang | 1.2.0 | 2.66 | 210.53 | 213.19 | NOTE | |
r-devel-linux-x86_64-debian-gcc | 1.2.0 | 3.04 | 151.68 | 154.72 | NOTE | |
r-devel-linux-x86_64-fedora-clang | 1.2.0 | 256.82 | NOTE | |||
r-devel-linux-x86_64-fedora-gcc | 1.2.0 | 262.12 | NOTE | |||
r-prerel-macos-arm64 | 1.2.0 | 80.00 | NOTE | |||
r-prerel-windows-x86_64 | 1.2.0 | 5.00 | 139.00 | 144.00 | NOTE | |
r-patched-linux-x86_64 | 1.2.0 | 4.45 | 197.68 | 202.13 | NOTE | |
r-release-linux-x86_64 | 1.2.0 | 3.02 | 197.76 | 200.78 | NOTE | |
r-release-macos-arm64 | 1.2.0 | 84.00 | NOTE | |||
r-release-macos-x86_64 | 1.2.0 | 141.00 | NOTE | |||
r-release-windows-x86_64 | 1.2.0 | 6.00 | 199.00 | 205.00 | NOTE | |
r-oldrel-macos-arm64 | 1.2.0 | 71.00 | OK | |||
r-oldrel-windows-x86_64 | 1.2.0 | 5.00 | 203.00 | 208.00 | OK |
Version: 1.2.0
Check: package subdirectories
Result: NOTE
Problems with news in ‘NEWS.md’:
No news entries found.
Flavors: r-devel-linux-x86_64-debian-clang, r-devel-linux-x86_64-debian-gcc, r-devel-linux-x86_64-fedora-clang, r-devel-linux-x86_64-fedora-gcc, r-prerel-macos-arm64, r-prerel-windows-x86_64, r-patched-linux-x86_64, r-release-linux-x86_64, r-release-macos-arm64, r-release-macos-x86_64, r-release-windows-x86_64