CRAN Package Check Results for Package bzinb

Last updated on 2023-06-04 08:57:05 CEST.

Flavor Version Tinstall Tcheck Ttotal Status Flags
r-devel-linux-x86_64-debian-clang 1.0.6 56.33 41.84 98.17 NOTE
r-devel-linux-x86_64-debian-gcc 1.0.6 35.90 32.04 67.94 NOTE
r-devel-linux-x86_64-fedora-clang 1.0.6 127.06 NOTE
r-devel-linux-x86_64-fedora-gcc 1.0.6 119.88 NOTE
r-devel-windows-x86_64 1.0.6 29.00 71.00 100.00 NOTE
r-patched-linux-x86_64 1.0.6 44.98 40.62 85.60 NOTE
r-release-linux-x86_64 1.0.6 44.94 40.82 85.76 NOTE
r-release-macos-arm64 1.0.6 33.00 NOTE
r-release-macos-x86_64 1.0.6 53.00 NOTE
r-release-windows-x86_64 1.0.6 42.00 85.00 127.00 NOTE
r-oldrel-macos-arm64 1.0.6 32.00 OK
r-oldrel-macos-x86_64 1.0.6 44.00 OK
r-oldrel-windows-x86_64 1.0.6 46.00 78.00 124.00 OK

Check Details

Version: 1.0.6
Check: C++ specification
Result: NOTE
     Specified C++11: please drop specification unless essential
Flavors: r-devel-linux-x86_64-debian-clang, r-devel-linux-x86_64-debian-gcc, r-devel-linux-x86_64-fedora-clang, r-devel-linux-x86_64-fedora-gcc, r-devel-windows-x86_64, r-patched-linux-x86_64, r-release-linux-x86_64, r-release-macos-arm64, r-release-macos-x86_64, r-release-windows-x86_64