Last updated on 2024-04-18 08:54:23 CEST.
Flavor | Version | Tinstall | Tcheck | Ttotal | Status | Flags |
---|---|---|---|---|---|---|
r-devel-linux-x86_64-debian-clang | 1.0 | 12.48 | 102.91 | 115.39 | NOTE | |
r-devel-linux-x86_64-debian-gcc | 1.0 | 10.48 | 76.38 | 86.86 | NOTE | |
r-devel-linux-x86_64-fedora-clang | 1.0 | 145.63 | NOTE | |||
r-devel-linux-x86_64-fedora-gcc | 1.0 | 138.96 | NOTE | |||
r-prerel-macos-arm64 | 1.0 | 41.00 | NOTE | |||
r-prerel-windows-x86_64 | 1.0 | 11.00 | 90.00 | 101.00 | NOTE | |
r-patched-linux-x86_64 | 1.0 | 20.71 | 99.96 | 120.67 | NOTE | |
r-release-linux-x86_64 | 1.0 | 10.84 | 102.48 | 113.32 | NOTE | |
r-release-macos-arm64 | 1.0 | 47.00 | NOTE | |||
r-release-macos-x86_64 | 1.0 | 70.00 | NOTE | |||
r-release-windows-x86_64 | 1.0 | 14.00 | 110.00 | 124.00 | NOTE | |
r-oldrel-macos-arm64 | 1.0 | 44.00 | OK | |||
r-oldrel-windows-x86_64 | 1.0 | 15.00 | 114.00 | 129.00 | OK |
Version: 1.0
Check: Rd files
Result: NOTE
checkRd: (-1) deleteZeroComponents.Rd:70: Escaped LaTeX specials: \& \&
Flavors: r-devel-linux-x86_64-debian-clang, r-devel-linux-x86_64-debian-gcc, r-devel-linux-x86_64-fedora-clang, r-devel-linux-x86_64-fedora-gcc, r-prerel-macos-arm64, r-prerel-windows-x86_64, r-patched-linux-x86_64, r-release-linux-x86_64, r-release-macos-arm64, r-release-macos-x86_64, r-release-windows-x86_64