Last updated on 2024-04-26 08:54:52 CEST.
Flavor | Version | Tinstall | Tcheck | Ttotal | Status | Flags |
---|---|---|---|---|---|---|
r-devel-linux-x86_64-debian-clang | 1.1.1 | 3.64 | 33.04 | 36.68 | NOTE | |
r-devel-linux-x86_64-debian-gcc | 1.1.1 | 3.21 | 25.59 | 28.80 | NOTE | |
r-devel-linux-x86_64-fedora-clang | 1.1.1 | 49.18 | NOTE | |||
r-devel-linux-x86_64-fedora-gcc | 1.1.1 | 46.98 | NOTE | |||
r-devel-windows-x86_64 | 1.1.1 | 4.00 | 54.00 | 58.00 | OK | |
r-patched-linux-x86_64 | 1.1.1 | 3.61 | 31.90 | 35.51 | NOTE | |
r-release-linux-x86_64 | 1.1.1 | 3.29 | 31.90 | 35.19 | NOTE | |
r-release-macos-arm64 | 1.1.1 | 18.00 | NOTE | |||
r-release-windows-x86_64 | 1.1.1 | 4.00 | 53.00 | 57.00 | OK | |
r-oldrel-macos-arm64 | 1.1.1 | 18.00 | OK | |||
r-oldrel-macos-x86_64 | 1.1.1 | 26.00 | OK | |||
r-oldrel-windows-x86_64 | 1.1.1 | 4.00 | 53.00 | 57.00 | OK |
Version: 1.1.1
Check: package dependencies
Result: NOTE
Package suggested but not available for checking: ‘bvpSolve’
Flavors: r-devel-linux-x86_64-debian-clang, r-devel-linux-x86_64-debian-gcc, r-devel-linux-x86_64-fedora-clang, r-devel-linux-x86_64-fedora-gcc, r-patched-linux-x86_64, r-release-linux-x86_64, r-release-macos-arm64