Last updated on 2023-10-03 01:04:47 CEST.
Flavor | Version | Tinstall | Tcheck | Ttotal | Status | Flags |
---|---|---|---|---|---|---|
r-devel-linux-x86_64-debian-clang | 1.18.2 | 7.76 | 41.15 | 48.91 | OK | |
r-devel-linux-x86_64-debian-gcc | 1.18.2 | 5.22 | 31.87 | 37.09 | OK | |
r-devel-linux-x86_64-fedora-clang | 1.18.2 | 58.50 | NOTE | |||
r-devel-linux-x86_64-fedora-gcc | 1.18.2 | 57.86 | OK | |||
r-devel-windows-x86_64 | 1.18.2 | 10.00 | 59.00 | 69.00 | OK | |
r-patched-linux-x86_64 | 1.18.2 | 9.45 | 39.53 | 48.98 | OK | |
r-release-linux-x86_64 | 1.18.2 | 7.17 | 40.43 | 47.60 | OK | |
r-release-macos-arm64 | 1.18.2 | 26.00 | OK | |||
r-release-macos-x86_64 | 1.18.2 | 41.00 | OK | |||
r-release-windows-x86_64 | 1.18.2 | 27.00 | 62.00 | 89.00 | OK | |
r-oldrel-macos-arm64 | 1.18.2 | 27.00 | OK | |||
r-oldrel-macos-x86_64 | 1.18.2 | 32.00 | OK | |||
r-oldrel-windows-x86_64 | 1.18.2 | 12.00 | 61.00 | 73.00 | OK |
Version: 1.18.2
Check: Rd cross-references
Result: NOTE
Undeclared packages ‘pixmap’, ‘XML’, ‘exactRankTests’, ‘coin’, ‘ROCR’, ‘Epi’, ‘verification’, ‘Hmisc’, ‘gtools’, ‘magic’, ‘zoo’ in Rd xrefs
Flavor: r-devel-linux-x86_64-fedora-clang