CRAN Package Check Results for Package caffsim

Last updated on 2021-09-16 16:50:08 CEST.

Flavor Version Tinstall Tcheck Ttotal Status Flags
r-devel-linux-x86_64-debian-clang 0.2.2 11.27 98.54 109.81 OK
r-devel-linux-x86_64-debian-gcc 0.2.2 9.53 72.36 81.89 OK
r-devel-linux-x86_64-fedora-clang 0.2.2 135.41 NOTE
r-devel-linux-x86_64-fedora-gcc 0.2.2 122.45 NOTE
r-devel-windows-x86_64 0.2.2 11.00 116.00 127.00 OK
r-devel-windows-x86_64-gcc10-UCRT 0.2.2 NOTE
r-patched-linux-x86_64 0.2.2 6.85 90.99 97.84 OK
r-patched-solaris-x86 0.2.2 178.90 NOTE
r-release-linux-x86_64 0.2.2 7.15 90.11 97.26 OK
r-release-macos-arm64 0.2.2 NOTE
r-release-macos-x86_64 0.2.2 NOTE
r-release-windows-ix86+x86_64 0.2.2 24.00 88.00 112.00 OK
r-oldrel-macos-x86_64 0.2.2 NOTE
r-oldrel-windows-ix86+x86_64 0.2.2 20.00 120.00 140.00 OK

Check Details

Version: 0.2.2
Check: dependencies in R code
Result: NOTE
    Namespace in Imports field not imported from: ‘markdown’
     All declared Imports should be used.
Flavors: r-devel-linux-x86_64-fedora-clang, r-devel-linux-x86_64-fedora-gcc, r-devel-windows-x86_64-gcc10-UCRT, r-patched-solaris-x86, r-release-macos-arm64, r-release-macos-x86_64, r-oldrel-macos-x86_64