CRAN Package Check Results for Package calcUnique

Last updated on 2023-06-02 18:52:40 CEST.

Flavor Version Tinstall Tcheck Ttotal Status Flags
r-devel-linux-x86_64-debian-clang 0.1.2 2.04 21.62 23.66 NOTE
r-devel-linux-x86_64-debian-gcc 0.1.2 1.53 17.48 19.01 NOTE
r-devel-linux-x86_64-fedora-clang 0.1.2 29.85 NOTE
r-devel-linux-x86_64-fedora-gcc 0.1.2 28.48 NOTE
r-devel-windows-x86_64 0.1.2 3.00 45.00 48.00 NOTE
r-patched-linux-x86_64 0.1.2 NOTE
r-release-linux-x86_64 0.1.2 2.01 21.23 23.24 NOTE
r-release-macos-arm64 0.1.2 17.00 NOTE
r-release-macos-x86_64 0.1.2 20.00 NOTE
r-release-windows-x86_64 0.1.2 3.00 42.00 45.00 NOTE
r-oldrel-macos-arm64 0.1.2 14.00 NOTE
r-oldrel-macos-x86_64 0.1.2 23.00 NOTE
r-oldrel-windows-x86_64 0.1.2 4.00 45.00 49.00 NOTE

Check Details

Version: 0.1.2
Check: LazyData
Result: NOTE
     'LazyData' is specified without a 'data' directory
Flavors: r-devel-linux-x86_64-debian-clang, r-devel-linux-x86_64-debian-gcc, r-devel-linux-x86_64-fedora-clang, r-devel-linux-x86_64-fedora-gcc, r-devel-windows-x86_64, r-patched-linux-x86_64, r-release-linux-x86_64, r-release-macos-arm64, r-release-macos-x86_64, r-release-windows-x86_64, r-oldrel-macos-arm64, r-oldrel-macos-x86_64, r-oldrel-windows-x86_64