Last updated on 2024-03-27 23:59:39 CET.
Flavor | Version | Tinstall | Tcheck | Ttotal | Status | Flags |
---|---|---|---|---|---|---|
r-devel-linux-x86_64-debian-clang | 0.2.1 | 41.41 | 70.31 | 111.72 | NOTE | |
r-devel-linux-x86_64-debian-gcc | 0.2.1 | 25.50 | 50.41 | 75.91 | NOTE | |
r-devel-linux-x86_64-fedora-clang | 0.2.1 | 152.89 | NOTE | |||
r-devel-linux-x86_64-fedora-gcc | 0.2.1 | 141.26 | NOTE | |||
r-devel-windows-x86_64 | 0.2.1 | 31.00 | 85.00 | 116.00 | NOTE | |
r-patched-linux-x86_64 | 0.2.1 | 38.29 | 67.75 | 106.04 | OK | |
r-release-linux-x86_64 | 0.2.1 | 32.45 | 66.87 | 99.32 | OK | |
r-release-macos-arm64 | 0.2.1 | 41.00 | OK | |||
r-release-macos-x86_64 | 0.2.1 | 62.00 | OK | |||
r-release-windows-x86_64 | 0.2.1 | 40.00 | 100.00 | 140.00 | OK | |
r-oldrel-macos-arm64 | 0.2.1 | 43.00 | OK | |||
r-oldrel-windows-x86_64 | 0.2.1 | 39.00 | 103.00 | 142.00 | OK |
Version: 0.2.1
Check: Rd files
Result: NOTE
checkRd: (-1) calibration_bands.Rd:19: Lost braces; missing escapes or markup?
19 | \item{y}{response variable (in {0,1}).}
| ^
Flavors: r-devel-linux-x86_64-debian-clang, r-devel-linux-x86_64-debian-gcc, r-devel-linux-x86_64-fedora-clang, r-devel-linux-x86_64-fedora-gcc, r-devel-windows-x86_64