CRAN Package Check Results for Package calpassapi

Last updated on 2021-10-25 04:54:04 CEST.

Flavor Version Tinstall Tcheck Ttotal Status Flags
r-devel-linux-x86_64-debian-clang 0.0.3 4.14 43.70 47.84 NOTE
r-devel-linux-x86_64-debian-gcc 0.0.3 3.21 33.31 36.52 NOTE
r-devel-linux-x86_64-fedora-clang 0.0.3 67.18 NOTE
r-devel-linux-x86_64-fedora-gcc 0.0.3 55.67 NOTE
r-devel-windows-x86_64 0.0.3 9.00 63.00 72.00 NOTE
r-devel-windows-x86_64-gcc10-UCRT 0.0.3 NOTE
r-patched-linux-x86_64 0.0.3 4.18 40.14 44.32 NOTE
r-patched-solaris-x86 0.0.3 84.60 NOTE
r-release-linux-x86_64 0.0.3 4.30 40.22 44.52 NOTE
r-release-macos-arm64 0.0.3 NOTE
r-release-macos-x86_64 0.0.3 NOTE
r-release-windows-ix86+x86_64 0.0.3 9.00 61.00 70.00 NOTE
r-oldrel-macos-x86_64 0.0.3 OK
r-oldrel-windows-ix86+x86_64 0.0.3 12.00 61.00 73.00 OK

Check Details

Version: 0.0.3
Check: LazyData
Result: NOTE
     'LazyData' is specified without a 'data' directory
Flavors: r-devel-linux-x86_64-debian-clang, r-devel-linux-x86_64-debian-gcc, r-devel-linux-x86_64-fedora-clang, r-devel-linux-x86_64-fedora-gcc, r-devel-windows-x86_64, r-devel-windows-x86_64-gcc10-UCRT, r-patched-linux-x86_64, r-patched-solaris-x86, r-release-linux-x86_64, r-release-macos-arm64, r-release-macos-x86_64, r-release-windows-ix86+x86_64