CRAN Package Check Results for Package camsRad

Last updated on 2021-11-30 04:59:47 CET.

Flavor Version Tinstall Tcheck Ttotal Status Flags
r-devel-linux-x86_64-debian-clang 0.3.0 2.00 22.81 24.81 NOTE
r-devel-linux-x86_64-debian-gcc 0.3.0 1.74 18.60 20.34 NOTE
r-devel-linux-x86_64-fedora-clang 0.3.0 41.55 NOTE
r-devel-linux-x86_64-fedora-gcc 0.3.0 31.48 NOTE
r-devel-windows-x86_64-new-UL 0.3.0 5.00 62.00 67.00 NOTE
r-devel-windows-x86_64-new-TK 0.3.0 NOTE
r-devel-windows-x86_64-old 0.3.0 3.00 33.00 36.00 NOTE
r-patched-linux-x86_64 0.3.0 1.74 21.85 23.59 NOTE
r-patched-solaris-x86 0.3.0 47.60 NOTE
r-release-linux-x86_64 0.3.0 1.78 21.84 23.62 NOTE
r-release-macos-arm64 0.3.0 NOTE
r-release-macos-x86_64 0.3.0 NOTE
r-release-windows-ix86+x86_64 0.3.0 4.00 40.00 44.00 NOTE
r-oldrel-macos-x86_64 0.3.0 OK
r-oldrel-windows-ix86+x86_64 0.3.0 4.00 35.00 39.00 OK

Check Details

Version: 0.3.0
Check: LazyData
Result: NOTE
     'LazyData' is specified without a 'data' directory
Flavors: r-devel-linux-x86_64-debian-clang, r-devel-linux-x86_64-debian-gcc, r-devel-linux-x86_64-fedora-clang, r-devel-linux-x86_64-fedora-gcc, r-devel-windows-x86_64-new-UL, r-devel-windows-x86_64-new-TK, r-devel-windows-x86_64-old, r-patched-linux-x86_64, r-patched-solaris-x86, r-release-linux-x86_64, r-release-macos-arm64, r-release-macos-x86_64, r-release-windows-ix86+x86_64