CRAN Package Check Results for Package canvasXpress

Last updated on 2021-09-26 00:48:35 CEST.

Flavor Version Tinstall Tcheck Ttotal Status Flags
r-devel-linux-x86_64-debian-clang 1.35.0 3.46 48.01 51.47 OK
r-devel-linux-x86_64-debian-gcc 1.35.0 2.55 36.91 39.46 OK
r-devel-linux-x86_64-fedora-clang 1.35.0 56.94 OK
r-devel-linux-x86_64-fedora-gcc 1.35.0 46.74 OK
r-devel-windows-x86_64 1.35.0 5.00 79.00 84.00 OK
r-devel-windows-x86_64-gcc10-UCRT 1.35.0 OK
r-patched-linux-x86_64 1.35.0 3.01 46.73 49.74 OK
r-patched-solaris-x86 1.35.0 71.20 NOTE
r-release-linux-x86_64 1.35.0 3.07 47.33 50.40 OK
r-release-macos-arm64 1.35.0 OK
r-release-macos-x86_64 1.35.0 OK
r-release-windows-ix86+x86_64 1.35.0 6.00 137.00 143.00 OK
r-oldrel-macos-x86_64 1.35.0 OK
r-oldrel-windows-ix86+x86_64 1.35.0 5.00 143.00 148.00 OK

Check Details

Version: 1.35.0
Check: installed package size
Result: NOTE
     installed size is 5.1Mb
     sub-directories of 1Mb or more:
     doc 1.0Mb
     htmlwidgets 3.6Mb
Flavor: r-patched-solaris-x86