Last updated on 2023-05-28 16:57:45 CEST.
Flavor | Version | Tinstall | Tcheck | Ttotal | Status | Flags |
---|---|---|---|---|---|---|
r-devel-linux-x86_64-debian-clang | 3.1-2 | 22.27 | 179.31 | 201.58 | OK | |
r-devel-linux-x86_64-debian-gcc | 3.1-2 | 19.48 | 136.02 | 155.50 | OK | |
r-devel-linux-x86_64-fedora-clang | 3.1-2 | 266.84 | NOTE | |||
r-devel-linux-x86_64-fedora-gcc | 3.1-2 | 260.28 | OK | |||
r-devel-windows-x86_64 | 3.1-2 | 22.00 | 180.00 | 202.00 | OK | |
r-patched-linux-x86_64 | 3.1-2 | 30.41 | 171.52 | 201.93 | OK | |
r-release-linux-x86_64 | 3.1-2 | 18.39 | 170.58 | 188.97 | OK | |
r-release-macos-arm64 | 3.1-2 | 74.00 | OK | |||
r-release-macos-x86_64 | 3.1-2 | 117.00 | NOTE | |||
r-release-windows-x86_64 | 3.1-2 | 25.00 | 209.00 | 234.00 | OK | |
r-oldrel-macos-arm64 | 3.1-2 | 69.00 | OK | |||
r-oldrel-macos-x86_64 | 3.1-2 | 84.00 | OK | |||
r-oldrel-windows-x86_64 | 3.1-2 | 27.00 | 208.00 | 235.00 | OK |
Version: 3.1-2
Check: Rd cross-references
Result: NOTE
Undeclared package ‘plotrix’ in Rd xrefs
Flavor: r-devel-linux-x86_64-fedora-clang
Version: 3.1-2
Check: package dependencies
Result: NOTE
Package suggested but not available for checking: ‘alr4’
Flavor: r-release-macos-x86_64