CRAN Package Check Results for Package card

Last updated on 2024-07-13 08:49:05 CEST.

Flavor Version Tinstall Tcheck Ttotal Status Flags
r-devel-linux-x86_64-debian-clang 0.1.0 11.29 140.86 152.15 NOTE
r-devel-linux-x86_64-debian-gcc 0.1.0 9.23 102.16 111.39 NOTE
r-devel-linux-x86_64-fedora-clang 0.1.0 198.45 NOTE
r-devel-linux-x86_64-fedora-gcc 0.1.0 189.03 NOTE
r-devel-windows-x86_64 0.1.0 11.00 122.00 133.00 NOTE
r-patched-linux-x86_64 0.1.0 12.85 132.27 145.12 NOTE
r-release-linux-x86_64 0.1.0 6.90 134.79 141.69 NOTE
r-release-macos-arm64 0.1.0 61.00 NOTE
r-release-macos-x86_64 0.1.0 85.00 NOTE
r-release-windows-x86_64 0.1.0 13.00 120.00 133.00 NOTE
r-oldrel-macos-arm64 0.1.0 63.00 NOTE
r-oldrel-macos-x86_64 0.1.0 101.00 NOTE
r-oldrel-windows-x86_64 0.1.0 15.00 144.00 159.00 NOTE

Check Details

Version: 0.1.0
Check: package subdirectories
Result: NOTE Problems with news in ‘NEWS.md’: No news entries found. Flavors: r-devel-linux-x86_64-debian-clang, r-devel-linux-x86_64-debian-gcc, r-devel-linux-x86_64-fedora-clang, r-devel-linux-x86_64-fedora-gcc, r-devel-windows-x86_64, r-patched-linux-x86_64, r-release-linux-x86_64, r-release-macos-arm64, r-release-macos-x86_64, r-release-windows-x86_64, r-oldrel-macos-arm64, r-oldrel-macos-x86_64, r-oldrel-windows-x86_64

Version: 0.1.0
Check: Rd files
Result: NOTE checkRd: (-1) zipcode.Rd:14: Lost braces; missing escapes or markup? 14 | This is a dataset from the archived/orphaned {zipcode} package. | ^ Flavors: r-devel-linux-x86_64-debian-clang, r-devel-linux-x86_64-debian-gcc, r-devel-linux-x86_64-fedora-clang, r-devel-linux-x86_64-fedora-gcc, r-devel-windows-x86_64, r-patched-linux-x86_64, r-release-linux-x86_64, r-release-macos-arm64, r-release-macos-x86_64, r-release-windows-x86_64

Version: 0.1.0
Check: dependencies in R code
Result: NOTE Namespaces in Imports field not imported from: ‘Hmisc’ ‘methods’ ‘readr’ ‘recipes’ ‘sf’ ‘stringr’ ‘utils’ All declared Imports should be used. Flavors: r-devel-linux-x86_64-fedora-clang, r-devel-linux-x86_64-fedora-gcc