Last updated on 2024-04-18 16:49:49 CEST.
Flavor | Version | Tinstall | Tcheck | Ttotal | Status | Flags |
---|---|---|---|---|---|---|
r-devel-linux-x86_64-debian-clang | 6.0-94 | 44.29 | 477.26 | 521.55 | NOTE | |
r-devel-linux-x86_64-debian-gcc | 6.0-94 | 31.75 | 333.38 | 365.13 | NOTE | |
r-devel-linux-x86_64-fedora-clang | 6.0-94 | 612.27 | NOTE | |||
r-devel-linux-x86_64-fedora-gcc | 6.0-94 | 648.94 | NOTE | |||
r-prerel-macos-arm64 | 6.0-94 | 153.00 | NOTE | |||
r-prerel-windows-x86_64 | 6.0-94 | 34.00 | 336.00 | 370.00 | NOTE | --no-vignettes |
r-patched-linux-x86_64 | 6.0-94 | 47.12 | 442.00 | 489.12 | NOTE | |
r-release-linux-x86_64 | 6.0-94 | 27.93 | 445.18 | 473.11 | OK | |
r-release-macos-arm64 | 6.0-94 | 169.00 | OK | |||
r-release-macos-x86_64 | 6.0-94 | 302.00 | OK | |||
r-release-windows-x86_64 | 6.0-94 | 48.00 | 379.00 | 427.00 | OK | --no-vignettes |
r-oldrel-macos-arm64 | 6.0-94 | 131.00 | OK | |||
r-oldrel-windows-x86_64 | 6.0-94 | 47.00 | 372.00 | 419.00 | OK | --no-vignettes |
Version: 6.0-94
Check: Rd files
Result: NOTE
checkRd: (-1) NEWS.Rd:96: Lost braces
96 | \item code{train} now removes duplicate models in the tuning grid. Duplicates could occur for models with discrete parameters.
| ^
checkRd: (-1) calibration.Rd:46: Lost braces; missing escapes or markup?
46 | formula. This argument is not used for \code{xyplot.calibration}. For {ggplot.calibration}, \code{data}
| ^
Flavors: r-devel-linux-x86_64-debian-clang, r-devel-linux-x86_64-debian-gcc, r-devel-linux-x86_64-fedora-clang, r-devel-linux-x86_64-fedora-gcc, r-prerel-macos-arm64, r-patched-linux-x86_64
Version: 6.0-94
Flags: --no-vignettes
Check: Rd files
Result: NOTE
checkRd: (-1) NEWS.Rd:96: Lost braces
96 | \item code{train} now removes duplicate models in the tuning grid. Duplicates could occur for models with discrete parameters.
| ^
checkRd: (-1) calibration.Rd:46: Lost braces; missing escapes or markup?
46 | formula. This argument is not used for \code{xyplot.calibration}. For {ggplot.calibration}, \code{data}
| ^
Flavor: r-prerel-windows-x86_64