Last updated on 2024-03-28 15:49:43 CET.
Flavor | Version | Tinstall | Tcheck | Ttotal | Status | Flags |
---|---|---|---|---|---|---|
r-devel-linux-x86_64-debian-clang | 2.0.0 | 2.30 | 30.61 | 32.91 | OK | |
r-devel-linux-x86_64-debian-gcc | 2.0.0 | 1.89 | 24.01 | 25.90 | OK | |
r-devel-linux-x86_64-fedora-clang | 2.0.0 | 42.83 | NOTE | |||
r-devel-linux-x86_64-fedora-gcc | 2.0.0 | 56.59 | NOTE | |||
r-devel-windows-x86_64 | 2.0.0 | 4.00 | 100.00 | 104.00 | OK | |
r-patched-linux-x86_64 | 2.0.0 | 2.44 | 30.35 | 32.79 | OK | |
r-release-linux-x86_64 | 2.0.0 | 2.18 | 28.62 | 30.80 | OK | |
r-release-macos-arm64 | 2.0.0 | 75.00 | OK | |||
r-release-macos-x86_64 | 2.0.0 | 88.00 | OK | |||
r-release-windows-x86_64 | 2.0.0 | 4.00 | 98.00 | 102.00 | OK | |
r-oldrel-macos-arm64 | 2.0.0 | 76.00 | NOTE | |||
r-oldrel-windows-x86_64 | 2.0.0 | 5.00 | 82.00 | 87.00 | OK |
Version: 2.0.0
Check: dependencies in R code
Result: NOTE
Namespace in Imports field not imported from: ‘R.utils’
All declared Imports should be used.
Flavors: r-devel-linux-x86_64-fedora-clang, r-devel-linux-x86_64-fedora-gcc, r-oldrel-macos-arm64