CRAN Package Check Results for Package cascadess

Last updated on 2021-09-25 04:57:30 CEST.

Flavor Version Tinstall Tcheck Ttotal Status Flags
r-devel-linux-x86_64-debian-clang 0.1.0 3.30 39.49 42.79 NOTE
r-devel-linux-x86_64-debian-gcc 0.1.0 2.55 31.30 33.85 NOTE
r-devel-linux-x86_64-fedora-clang 0.1.0 59.87 NOTE
r-devel-linux-x86_64-fedora-gcc 0.1.0 49.35 NOTE
r-devel-windows-x86_64 0.1.0 6.00 43.00 49.00 NOTE
r-devel-windows-x86_64-gcc10-UCRT 0.1.0 NOTE
r-patched-linux-x86_64 0.1.0 4.04 38.16 42.20 NOTE
r-patched-solaris-x86 0.1.0 80.30 NOTE
r-release-linux-x86_64 0.1.0 3.07 38.30 41.37 NOTE
r-release-macos-arm64 0.1.0 NOTE
r-release-macos-x86_64 0.1.0 NOTE
r-release-windows-ix86+x86_64 0.1.0 10.00 46.00 56.00 NOTE
r-oldrel-macos-x86_64 0.1.0 OK
r-oldrel-windows-ix86+x86_64 0.1.0 7.00 43.00 50.00 OK

Check Details

Version: 0.1.0
Check: LazyData
Result: NOTE
     'LazyData' is specified without a 'data' directory
Flavors: r-devel-linux-x86_64-debian-clang, r-devel-linux-x86_64-debian-gcc, r-devel-linux-x86_64-fedora-clang, r-devel-linux-x86_64-fedora-gcc, r-devel-windows-x86_64, r-devel-windows-x86_64-gcc10-UCRT, r-patched-linux-x86_64, r-patched-solaris-x86, r-release-linux-x86_64, r-release-macos-arm64, r-release-macos-x86_64, r-release-windows-ix86+x86_64