CRAN Package Check Results for Package caschrono

Last updated on 2023-06-02 18:52:40 CEST.

Flavor Version Tinstall Tcheck Ttotal Status Flags
r-devel-linux-x86_64-debian-clang 2.3 7.95 140.43 148.38 OK
r-devel-linux-x86_64-debian-gcc 2.3 5.97 110.13 116.10 OK
r-devel-linux-x86_64-fedora-clang 2.3 185.90 OK
r-devel-linux-x86_64-fedora-gcc 2.3 199.47 OK
r-devel-windows-x86_64 2.3 8.00 249.00 257.00 OK
r-patched-linux-x86_64 2.3 OK
r-release-linux-x86_64 2.3 6.07 134.83 140.90 OK
r-release-macos-arm64 2.3 95.00 OK
r-release-macos-x86_64 2.3 104.00 NOTE
r-release-windows-x86_64 2.3 10.00 243.00 253.00 OK
r-oldrel-macos-arm64 2.3 125.00 OK
r-oldrel-macos-x86_64 2.3 127.00 OK
r-oldrel-windows-x86_64 2.3 12.00 247.00 259.00 OK

Check Details

Version: 2.3
Check: re-building of vignette outputs
Result: NOTE
    Error(s) in re-building vignettes:
    --- re-building ‘Anx1.Rnw’ using Sweave
    Error: processing vignette 'Anx1.Rnw' failed with diagnostics:
    Running 'texi2dvi' on 'Anx1.tex' failed.
    LaTeX errors:
    ! LaTeX Error: File `ntheorem.sty' not found.
    
    Type X to quit or <RETURN> to proceed,
    or enter new name. (Default extension: sty)
    
    ! Emergency stop.
    <read *>
    
    l.15 \theoremnumbering
     {arabic}^^M
    ! ==> Fatal error occurred, no output PDF file produced!
    --- failed re-building ‘Anx1.Rnw’
    
    --- re-building ‘Anx10.Rnw’ using Sweave
    Loading required package: caschrono
    Loading required package: zoo
    
    Attaching package: ‘zoo’
    
    The following objects are masked from ‘package:base’:
    
     as.Date, as.Date.numeric
    
    Loading required package: forecast
    Error: processing vignette 'Anx10.Rnw' failed with diagnostics:
    Running 'texi2dvi' on 'Anx10.tex' failed.
    LaTeX errors:
    ! LaTeX Error: File `ntheorem.sty' not found.
    
    Type X to quit or <RETURN> to proceed,
    or enter new name. (Default extension: sty)
    
    ! Emergency stop.
    <read *>
    
    l.15 \theoremnumbering
     {arabic}^^M
    ! ==> Fatal error occurred, no output PDF file produced!
    --- failed re-building ‘Anx10.Rnw’
    
    --- re-building ‘Anx12.Rnw’ using Sweave
    Loading required package: caschrono
    Loading required package: zoo
    
    Attaching package: ‘zoo’
    
    The following objects are masked from ‘package:base’:
    
     as.Date, as.Date.numeric
    
    Loading required package: fGarch
    NOTE: Packages 'fBasics', 'timeDate', and 'timeSeries' are no longer
    attached to the search() path when 'fGarch' is attached.
    
    If needed attach them yourself in your R script by e.g.,
     require("timeSeries")
    Loading required package: xtable
    Loading required package: fBasics
    Loading required package: forecast
    Error: processing vignette 'Anx12.Rnw' failed with diagnostics:
    Running 'texi2dvi' on 'Anx12.tex' failed.
    LaTeX errors:
    ! LaTeX Error: File `ntheorem.sty' not found.
    
    Type X to quit or <RETURN> to proceed,
    or enter new name. (Default extension: sty)
    
    ! Emergency stop.
    <read *>
    
    l.15 \theoremnumbering
     {arabic}^^M
    ! ==> Fatal error occurred, no output PDF file produced!
    --- failed re-building ‘Anx12.Rnw’
    
    --- re-building ‘Anx2.Rnw’ using Sweave
    Loading required package: forecast
    Error: processing vignette 'Anx2.Rnw' failed with diagnostics:
    Running 'texi2dvi' on 'Anx2.tex' failed.
    LaTeX errors:
    ! LaTeX Error: File `ntheorem.sty' not found.
    
    Type X to quit or <RETURN> to proceed,
    or enter new name. (Default extension: sty)
    
    ! Emergency stop.
    <read *>
    
    l.15 \theoremnumbering
     {arabic}^^M
    ! ==> Fatal error occurred, no output PDF file produced!
    --- failed re-building ‘Anx2.Rnw’
    
    --- re-building ‘Anx3.Rnw’ using Sweave
    Loading required package: fBasics
    Error: processing vignette 'Anx3.Rnw' failed with diagnostics:
    Running 'texi2dvi' on 'Anx3.tex' failed.
    LaTeX errors:
    ! LaTeX Error: File `ntheorem.sty' not found.
    
    Type X to quit or <RETURN> to proceed,
    or enter new name. (Default extension: sty)
    
    ! Emergency stop.
    <read *>
    
    l.15 \theoremnumbering
     {arabic}^^M
    ! ==> Fatal error occurred, no output PDF file produced!
    --- failed re-building ‘Anx3.Rnw’
    
    --- re-building ‘Anx4.Rnw’ using Sweave
    Loading required package: caschrono
    Loading required package: zoo
    
    Attaching package: ‘zoo’
    
    The following objects are masked from ‘package:base’:
    
     as.Date, as.Date.numeric
    
    Loading required package: timeSeries
    Loading required package: timeDate
    
    Attaching package: ‘timeSeries’
    
    The following object is masked from ‘package:zoo’:
    
     time<-
    
    Loading required package: xtable
    
    Attaching package: ‘xtable’
    
    The following object is masked from ‘package:timeSeries’:
    
     align
    
    The following object is masked from ‘package:timeDate’:
    
     align
    
    Loading required package: forecast
    Loading required package: polynom
    Error: processing vignette 'Anx4.Rnw' failed with diagnostics:
    Running 'texi2dvi' on 'Anx4.tex' failed.
    LaTeX errors:
    ! LaTeX Error: File `ntheorem.sty' not found.
    
    Type X to quit or <RETURN> to proceed,
    or enter new name. (Default extension: sty)
    
    ! Emergency stop.
    <read *>
    
    l.15 \theoremnumbering
     {arabic}^^M
    ! ==> Fatal error occurred, no output PDF file produced!
    --- failed re-building ‘Anx4.Rnw’
    
    --- re-building ‘Anx5.Rnw’ using Sweave
    Loading required package: polynom
    Loading required package: forecast
    Loading required package: dse
    Loading required package: tfplot
    Loading required package: tframe
    
    Attaching package: ‘dse’
    
    The following objects are masked from ‘package:forecast’:
    
     forecast, is.forecast
    
    The following objects are masked from ‘package:stats’:
    
     acf, simulate
    
    Error: processing vignette 'Anx5.Rnw' failed with diagnostics:
    Running 'texi2dvi' on 'Anx5.tex' failed.
    LaTeX errors:
    ! LaTeX Error: File `ntheorem.sty' not found.
    
    Type X to quit or <RETURN> to proceed,
    or enter new name. (Default extension: sty)
    
    ! Emergency stop.
    <read *>
    
    l.15 \theoremnumbering
     {arabic}^^M
    ! ==> Fatal error occurred, no output PDF file produced!
    --- failed re-building ‘Anx5.Rnw’
    
    --- re-building ‘Anx6.Rnw’ using Sweave
    Loading required package: forecast
    Loading required package: expsmooth
    Loading required package: caschrono
    Loading required package: zoo
    
    Attaching package: ‘zoo’
    
    The following objects are masked from ‘package:base’:
    
     as.Date, as.Date.numeric
    
    Error: processing vignette 'Anx6.Rnw' failed with diagnostics:
    Running 'texi2dvi' on 'Anx6.tex' failed.
    LaTeX errors:
    ! LaTeX Error: File `ntheorem.sty' not found.
    
    Type X to quit or <RETURN> to proceed,
    or enter new name. (Default extension: sty)
    
    ! Emergency stop.
    <read *>
    
    l.15 \theoremnumbering
     {arabic}^^M
    ! ==> Fatal error occurred, no output PDF file produced!
    --- failed re-building ‘Anx6.Rnw’
    
    --- re-building ‘Anx7.Rnw’ using Sweave
    Loading required package: polynom
    Loading required package: dse
    Loading required package: tfplot
    Loading required package: tframe
    
    Attaching package: ‘dse’
    
    The following objects are masked from ‘package:stats’:
    
     acf, simulate
    
    Error: processing vignette 'Anx7.Rnw' failed with diagnostics:
    Running 'texi2dvi' on 'Anx7.tex' failed.
    LaTeX errors:
    ! LaTeX Error: File `ntheorem.sty' not found.
    
    Type X to quit or <RETURN> to proceed,
    or enter new name. (Default extension: sty)
    
    ! Emergency stop.
    <read *>
    
    l.15 \theoremnumbering
     {arabic}^^M
    ! ==> Fatal error occurred, no output PDF file produced!
    --- failed re-building ‘Anx7.Rnw’
    
    --- re-building ‘Anx9.Rnw’ using Sweave
    Error: processing vignette 'Anx9.Rnw' failed with diagnostics:
    Running 'texi2dvi' on 'Anx9.tex' failed.
    LaTeX errors:
    ! LaTeX Error: File `ntheorem.sty' not found.
    
    Type X to quit or <RETURN> to proceed,
    or enter new name. (Default extension: sty)
    
    ! Emergency stop.
    <read *>
    
    l.15 \theoremnumbering
     {arabic}^^M
    ! ==> Fatal error occurred, no output PDF file produced!
    --- failed re-building ‘Anx9.Rnw’
    
    SUMMARY: processing the following files failed:
     ‘Anx1.Rnw’ ‘Anx10.Rnw’ ‘Anx12.Rnw’ ‘Anx2.Rnw’ ‘Anx3.Rnw’ ‘Anx4.Rnw’
     ‘Anx5.Rnw’ ‘Anx6.Rnw’ ‘Anx7.Rnw’ ‘Anx9.Rnw’
    
    Error: Vignette re-building failed.
    Execution halted
Flavor: r-release-macos-x86_64