CRAN Package Check Results for Package catalog

Last updated on 2021-10-24 16:53:57 CEST.

Flavor Version Tinstall Tcheck Ttotal Status Flags
r-devel-linux-x86_64-debian-clang 0.1.0 7.52 56.49 64.01 NOTE
r-devel-linux-x86_64-debian-gcc 0.1.0 5.58 43.08 48.66 NOTE
r-devel-linux-x86_64-fedora-clang 0.1.0 86.36 NOTE
r-devel-linux-x86_64-fedora-gcc 0.1.0 73.60 NOTE
r-devel-windows-x86_64 0.1.0 11.00 79.00 90.00 NOTE
r-devel-windows-x86_64-gcc10-UCRT 0.1.0 NOTE
r-patched-linux-x86_64 0.1.0 7.61 53.42 61.03 NOTE
r-patched-solaris-x86 0.1.0 106.50 NOTE
r-release-linux-x86_64 0.1.0 5.04 52.95 57.99 NOTE
r-release-macos-arm64 0.1.0 NOTE
r-release-macos-x86_64 0.1.0 NOTE
r-release-windows-ix86+x86_64 0.1.0 12.00 77.00 89.00 NOTE
r-oldrel-macos-x86_64 0.1.0 OK
r-oldrel-windows-ix86+x86_64 0.1.0 17.00 78.00 95.00 OK

Check Details

Version: 0.1.0
Check: LazyData
Result: NOTE
     'LazyData' is specified without a 'data' directory
Flavors: r-devel-linux-x86_64-debian-clang, r-devel-linux-x86_64-debian-gcc, r-devel-linux-x86_64-fedora-clang, r-devel-linux-x86_64-fedora-gcc, r-devel-windows-x86_64, r-devel-windows-x86_64-gcc10-UCRT, r-patched-linux-x86_64, r-patched-solaris-x86, r-release-linux-x86_64, r-release-macos-arm64, r-release-macos-x86_64, r-release-windows-ix86+x86_64