CRAN Package Check Results for Package catfun

Last updated on 2024-06-18 16:49:45 CEST.

Flavor Version Tinstall Tcheck Ttotal Status Flags
r-devel-linux-x86_64-debian-clang 0.1.4 8.01 70.49 78.50 NOTE
r-devel-linux-x86_64-debian-gcc 0.1.4 6.17 52.46 58.63 NOTE
r-devel-linux-x86_64-fedora-clang 0.1.4 99.72 NOTE
r-devel-linux-x86_64-fedora-gcc 0.1.4 92.87 NOTE
r-devel-windows-x86_64 0.1.4 8.00 75.00 83.00 NOTE
r-patched-linux-x86_64 0.1.4 7.06 67.76 74.82 NOTE
r-release-linux-x86_64 0.1.4 4.58 68.86 73.44 NOTE
r-release-macos-arm64 0.1.4 32.00 NOTE
r-release-macos-x86_64 0.1.4 45.00 NOTE
r-release-windows-x86_64 0.1.4 9.00 73.00 82.00 NOTE
r-oldrel-macos-arm64 0.1.4 32.00 NOTE
r-oldrel-macos-x86_64 0.1.4 46.00 NOTE
r-oldrel-windows-x86_64 0.1.4 10.00 86.00 96.00 NOTE

Check Details

Version: 0.1.4
Check: LazyData
Result: NOTE 'LazyData' is specified without a 'data' directory Flavors: r-devel-linux-x86_64-debian-clang, r-devel-linux-x86_64-debian-gcc, r-devel-linux-x86_64-fedora-clang, r-devel-linux-x86_64-fedora-gcc, r-devel-windows-x86_64, r-patched-linux-x86_64, r-release-linux-x86_64, r-release-macos-arm64, r-release-macos-x86_64, r-release-windows-x86_64, r-oldrel-macos-arm64, r-oldrel-macos-x86_64, r-oldrel-windows-x86_64

Version: 0.1.4
Check: dependencies in R code
Result: NOTE Namespaces in Imports field not imported from: ‘broom’ ‘epitools’ All declared Imports should be used. Flavors: r-devel-linux-x86_64-fedora-clang, r-devel-linux-x86_64-fedora-gcc