CRAN Package Check Results for Package catfun

Last updated on 2023-10-01 00:54:23 CEST.

Flavor Version Tinstall Tcheck Ttotal Status Flags
r-devel-linux-x86_64-debian-clang 0.1.4 8.47 72.27 80.74 NOTE
r-devel-linux-x86_64-debian-gcc 0.1.4 5.82 52.93 58.75 NOTE
r-devel-linux-x86_64-fedora-clang 0.1.4 97.00 NOTE
r-devel-linux-x86_64-fedora-gcc 0.1.4 95.55 NOTE
r-devel-windows-x86_64 0.1.4 8.00 75.00 83.00 NOTE
r-patched-linux-x86_64 0.1.4 7.58 66.70 74.28 NOTE
r-release-linux-x86_64 0.1.4 4.89 67.93 72.82 NOTE
r-release-macos-arm64 0.1.4 32.00 NOTE
r-release-macos-x86_64 0.1.4 46.00 NOTE
r-release-windows-x86_64 0.1.4 11.00 88.00 99.00 NOTE
r-oldrel-macos-arm64 0.1.4 41.00 NOTE
r-oldrel-macos-x86_64 0.1.4 77.00 NOTE
r-oldrel-windows-x86_64 0.1.4 11.00 88.00 99.00 NOTE

Check Details

Version: 0.1.4
Check: LazyData
Result: NOTE
     'LazyData' is specified without a 'data' directory
Flavors: r-devel-linux-x86_64-debian-clang, r-devel-linux-x86_64-debian-gcc, r-devel-linux-x86_64-fedora-clang, r-devel-linux-x86_64-fedora-gcc, r-devel-windows-x86_64, r-patched-linux-x86_64, r-release-linux-x86_64, r-release-macos-arm64, r-release-macos-x86_64, r-release-windows-x86_64, r-oldrel-macos-arm64, r-oldrel-macos-x86_64, r-oldrel-windows-x86_64

Version: 0.1.4
Check: dependencies in R code
Result: NOTE
    Namespaces in Imports field not imported from:
     ‘broom’ ‘epitools’
     All declared Imports should be used.
Flavors: r-devel-linux-x86_64-fedora-clang, r-devel-linux-x86_64-fedora-gcc, r-oldrel-macos-arm64, r-oldrel-macos-x86_64