Last updated on 2024-04-25 07:59:47 CEST.
Flavor | Version | Tinstall | Tcheck | Ttotal | Status | Flags |
---|---|---|---|---|---|---|
r-devel-linux-x86_64-debian-clang | 1.0 | 148.94 | 55.49 | 204.43 | NOTE | |
r-devel-linux-x86_64-debian-gcc | 1.0 | 122.22 | 41.32 | 163.54 | NOTE | |
r-devel-linux-x86_64-fedora-clang | 1.0 | 324.39 | NOTE | |||
r-devel-linux-x86_64-fedora-gcc | 1.0 | 309.29 | NOTE | |||
r-devel-windows-x86_64 | 1.0 | 118.00 | 86.00 | 204.00 | NOTE | |
r-patched-linux-x86_64 | 1.0 | 153.22 | 53.95 | 207.17 | NOTE | |
r-release-linux-x86_64 | 1.0 | 151.24 | 53.11 | 204.35 | OK | |
r-release-macos-arm64 | 1.0 | 57.00 | NOTE | |||
r-release-windows-x86_64 | 1.0 | 118.00 | 84.00 | 202.00 | NOTE | |
r-oldrel-macos-arm64 | 1.0 | 66.00 | NOTE | |||
r-oldrel-macos-x86_64 | 1.0 | 120.00 | NOTE | |||
r-oldrel-windows-x86_64 | 1.0 | 149.00 | 96.00 | 245.00 | OK |
Version: 1.0
Check: Rd files
Result: NOTE
checkRd: (-1) slpDGCM.Rd:130-133: Lost braces
130 | \code{x1, x2, x3, \dots}- {input to the model, there must be one column
| ^
Flavors: r-devel-linux-x86_64-debian-clang, r-devel-linux-x86_64-debian-gcc, r-devel-linux-x86_64-fedora-clang, r-devel-linux-x86_64-fedora-gcc, r-devel-windows-x86_64, r-patched-linux-x86_64, r-release-macos-arm64, r-release-windows-x86_64
Version: 1.0
Check: installed package size
Result: NOTE
installed size is 5.4Mb
sub-directories of 1Mb or more:
libs 5.0Mb
Flavors: r-release-macos-arm64, r-oldrel-macos-arm64, r-oldrel-macos-x86_64