Last updated on 2024-04-20 08:50:46 CEST.
Flavor | Version | Tinstall | Tcheck | Ttotal | Status | Flags |
---|---|---|---|---|---|---|
r-devel-linux-x86_64-debian-clang | 0.2.5 | 1.76 | 21.43 | 23.19 | NOTE | |
r-devel-linux-x86_64-debian-gcc | 0.2.5 | 1.64 | 17.06 | 18.70 | NOTE | |
r-devel-linux-x86_64-fedora-clang | 0.2.5 | 31.99 | NOTE | |||
r-devel-linux-x86_64-fedora-gcc | 0.2.5 | 31.16 | NOTE | |||
r-prerel-macos-arm64 | 0.2.5 | 17.00 | NOTE | |||
r-prerel-windows-x86_64 | 0.2.5 | 2.00 | 38.00 | 40.00 | NOTE | |
r-patched-linux-x86_64 | 0.2.5 | 2.14 | 21.62 | 23.76 | NOTE | |
r-release-linux-x86_64 | 0.2.5 | 1.71 | 21.55 | 23.26 | NOTE | |
r-release-macos-arm64 | 0.2.5 | 16.00 | NOTE | |||
r-release-macos-x86_64 | 0.2.5 | 22.00 | NOTE | |||
r-release-windows-x86_64 | 0.2.5 | 2.00 | 39.00 | 41.00 | NOTE | |
r-oldrel-macos-arm64 | 0.2.5 | 18.00 | NOTE | |||
r-oldrel-windows-x86_64 | 0.2.5 | 4.00 | 41.00 | 45.00 | NOTE |
Version: 0.2.5
Check: LazyData
Result: NOTE
'LazyData' is specified without a 'data' directory
Flavors: r-devel-linux-x86_64-debian-clang, r-devel-linux-x86_64-debian-gcc, r-devel-linux-x86_64-fedora-clang, r-devel-linux-x86_64-fedora-gcc, r-prerel-macos-arm64, r-prerel-windows-x86_64, r-patched-linux-x86_64, r-release-linux-x86_64, r-release-macos-arm64, r-release-macos-x86_64, r-release-windows-x86_64, r-oldrel-macos-arm64, r-oldrel-windows-x86_64