Last updated on 2024-04-19 01:04:26 CEST.
Flavor | Version | Tinstall | Tcheck | Ttotal | Status | Flags |
---|---|---|---|---|---|---|
r-devel-linux-x86_64-debian-clang | 1.0.2 | 90.97 | 134.64 | 225.61 | NOTE | |
r-devel-linux-x86_64-debian-gcc | 1.0.2 | 67.02 | 98.44 | 165.46 | NOTE | |
r-devel-linux-x86_64-fedora-clang | 1.0.2 | 321.63 | NOTE | |||
r-devel-linux-x86_64-fedora-gcc | 1.0.2 | 308.96 | NOTE | |||
r-prerel-macos-arm64 | 1.0.2 | 76.00 | NOTE | |||
r-prerel-macos-x86_64 | 1.0.2 | 155.00 | NOTE | |||
r-prerel-windows-x86_64 | 1.0.2 | 70.00 | 140.00 | 210.00 | NOTE | |
r-patched-linux-x86_64 | 1.0.2 | 88.08 | 128.80 | 216.88 | NOTE | |
r-release-linux-x86_64 | 1.0.2 | 84.13 | 128.72 | 212.85 | NOTE | |
r-release-macos-arm64 | 1.0.2 | 76.00 | NOTE | |||
r-release-macos-x86_64 | 1.0.2 | 131.00 | NOTE | |||
r-release-windows-x86_64 | 1.0.2 | 86.00 | 162.00 | 248.00 | NOTE | |
r-oldrel-macos-arm64 | 1.0.2 | 71.00 | NOTE | |||
r-oldrel-windows-x86_64 | 1.0.2 | 92.00 | 147.00 | 239.00 | NOTE |
Version: 1.0.2
Check: package dependencies
Result: NOTE
Package suggested but not available for checking: ‘rkeops’
Flavors: r-devel-linux-x86_64-debian-clang, r-devel-linux-x86_64-debian-gcc, r-devel-linux-x86_64-fedora-clang, r-devel-linux-x86_64-fedora-gcc, r-prerel-windows-x86_64, r-patched-linux-x86_64, r-release-linux-x86_64, r-release-windows-x86_64, r-oldrel-windows-x86_64
Version: 1.0.2
Check: installed package size
Result: NOTE
installed size is 7.5Mb
sub-directories of 1Mb or more:
R 2.3Mb
libs 4.5Mb
Flavors: r-prerel-macos-arm64, r-prerel-macos-x86_64, r-release-macos-arm64, r-release-macos-x86_64, r-oldrel-macos-arm64