CRAN Package Check Results for Package causalPAF

Last updated on 2022-06-27 12:53:25 CEST.

Flavor Version Tinstall Tcheck Ttotal Status Flags
r-devel-linux-x86_64-debian-clang 1.2.4 10.44 91.45 101.89 NOTE
r-devel-linux-x86_64-debian-gcc 1.2.4 7.32 64.03 71.35 NOTE
r-devel-linux-x86_64-fedora-clang 1.2.4 125.70 NOTE
r-devel-linux-x86_64-fedora-gcc 1.2.4 123.42 NOTE
r-devel-windows-x86_64 1.2.4 46.00 109.00 155.00 NOTE
r-patched-linux-x86_64 1.2.4 8.05 82.73 90.78 OK
r-release-linux-x86_64 1.2.4 7.84 82.05 89.89 OK
r-release-macos-arm64 1.2.4 36.00 OK
r-release-macos-x86_64 1.2.4 56.00 OK
r-release-windows-x86_64 1.2.4 46.00 103.00 149.00 OK
r-oldrel-macos-arm64 1.2.4 35.00 OK
r-oldrel-macos-x86_64 1.2.4 49.00 OK
r-oldrel-windows-ix86+x86_64 1.2.4 27.00 111.00 138.00 OK

Check Details

Version: 1.2.4
Check: Rd files
Result: NOTE
    checkRd: (-1) causalPAFplot.Rd:47: Escaped LaTeX specials: \$ \$
    checkRd: (-1) eval_make_formula.Rd:14: Escaped LaTeX specials: \$ \$
    checkRd: (-1) pointEstimate.Rd:43: Escaped LaTeX specials: \$ \$
    checkRd: (-1) sim_outnode.Rd:20: Escaped LaTeX specials: \$ \$
    checkRd: (-1) sim_outnode_2.Rd:26: Escaped LaTeX specials: \$ \$
Flavors: r-devel-linux-x86_64-debian-clang, r-devel-linux-x86_64-debian-gcc, r-devel-linux-x86_64-fedora-clang, r-devel-linux-x86_64-fedora-gcc, r-devel-windows-x86_64