CRAN Package Check Results for Package causaloptim

Last updated on 2021-09-24 20:48:40 CEST.

Flavor Version Tinstall Tcheck Ttotal Status Flags
r-devel-linux-x86_64-debian-clang 0.8.2 34.50 116.25 150.75 OK
r-devel-linux-x86_64-debian-gcc 0.8.2 22.95 85.54 108.49 OK
r-devel-linux-x86_64-fedora-clang 0.8.2 197.03 OK
r-devel-linux-x86_64-fedora-gcc 0.8.2 177.81 OK
r-devel-windows-x86_64 0.8.2 35.00 114.00 149.00 OK
r-devel-windows-x86_64-gcc10-UCRT 0.8.2 OK
r-patched-linux-x86_64 0.8.2 30.41 114.79 145.20 OK
r-patched-solaris-x86 0.8.2 210.40 OK
r-release-linux-x86_64 0.8.2 28.44 115.56 144.00 OK
r-release-macos-arm64 0.8.2 NOTE
r-release-macos-x86_64 0.8.2 NOTE
r-release-windows-ix86+x86_64 0.8.2 84.00 171.00 255.00 NOTE
r-oldrel-macos-x86_64 0.8.2 NOTE
r-oldrel-windows-ix86+x86_64 0.8.2 64.00 169.00 233.00 NOTE

Check Details

Version: 0.8.2
Check: installed package size
Result: NOTE
     installed size is 5.6Mb
     sub-directories of 1Mb or more:
     doc 1.9Mb
     libs 2.5Mb
Flavors: r-release-macos-arm64, r-release-macos-x86_64, r-release-windows-ix86+x86_64, r-oldrel-macos-x86_64, r-oldrel-windows-ix86+x86_64