Last updated on 2024-04-18 01:02:45 CEST.
Flavor | Version | Tinstall | Tcheck | Ttotal | Status | Flags |
---|---|---|---|---|---|---|
r-devel-linux-x86_64-debian-clang | 1.1.0 | 15.49 | 128.19 | 143.68 | OK | |
r-devel-linux-x86_64-debian-gcc | 1.1.0 | 15.15 | 91.33 | 106.48 | OK | |
r-devel-linux-x86_64-fedora-clang | 1.1.0 | 192.43 | NOTE | |||
r-devel-linux-x86_64-fedora-gcc | 1.1.0 | 169.61 | NOTE | |||
r-prerel-macos-arm64 | 1.1.0 | 50.00 | OK | |||
r-prerel-macos-x86_64 | 1.1.0 | 118.00 | OK | |||
r-prerel-windows-x86_64 | 1.1.0 | 18.00 | 104.00 | 122.00 | OK | |
r-patched-linux-x86_64 | 1.1.0 | 18.68 | 117.55 | 136.23 | OK | |
r-release-linux-x86_64 | 1.1.0 | 21.43 | 127.08 | 148.51 | OK | |
r-release-macos-arm64 | 1.1.0 | 58.00 | OK | |||
r-release-macos-x86_64 | 1.1.0 | 104.00 | OK | |||
r-release-windows-x86_64 | 1.1.0 | 23.00 | 131.00 | 154.00 | OK | |
r-oldrel-macos-arm64 | 1.1.0 | 53.00 | OK | |||
r-oldrel-windows-x86_64 | 1.1.0 | 24.00 | 131.00 | 155.00 | OK |
Version: 1.1.0
Check: data for non-ASCII characters
Result: NOTE
Note: found 1045 marked UTF-8 strings
Flavors: r-devel-linux-x86_64-fedora-clang, r-devel-linux-x86_64-fedora-gcc