CRAN Package Check Results for Package cbcTools

Last updated on 2024-03-02 16:54:41 CET.

Flavor Version Tinstall Tcheck Ttotal Status Flags
r-devel-linux-x86_64-debian-clang 0.5.0 8.47 87.61 96.08 NOTE
r-devel-linux-x86_64-debian-gcc 0.5.0 4.09 65.04 69.13 NOTE
r-devel-linux-x86_64-fedora-clang 0.5.0 115.64 NOTE
r-devel-linux-x86_64-fedora-gcc 0.5.0 246.35 NOTE
r-devel-windows-x86_64 0.5.0 7.00 86.00 93.00 OK
r-patched-linux-x86_64 0.5.0 5.02 85.02 90.04 OK
r-release-linux-x86_64 0.5.0 4.99 83.52 88.51 OK
r-release-macos-arm64 0.5.0 56.00 OK
r-release-macos-x86_64 0.5.0 129.00 OK
r-release-windows-x86_64 0.5.0 11.00 107.00 118.00 OK
r-oldrel-macos-arm64 0.5.0 60.00 OK
r-oldrel-windows-x86_64 0.5.0 10.00 103.00 113.00 OK

Check Details

Version: 0.5.0
Check: Rd files
Result: NOTE checkRd: (-1) cbc_design.Rd:160: Lost braces; missing escapes or markup? 160 | see \code{?DoE.base::fac.design} as well as the JSS article on the {DoE.base} | ^ checkRd: (-1) cbc_design.Rd:174: Lost braces; missing escapes or markup? 174 | well as the JSS article on the {DoE.base} package (Grömping, 2018). | ^ checkRd: (-1) cbc_design.Rd:197: Lost braces; missing escapes or markup? 197 | {idefix} package (Traets et al, 2020). | ^ checkRd: (-1) cbc_power.Rd:70: Lost braces; missing escapes or markup? 70 | estimation. See the {logitr} documentation for details about other | ^ Flavors: r-devel-linux-x86_64-debian-clang, r-devel-linux-x86_64-debian-gcc, r-devel-linux-x86_64-fedora-clang, r-devel-linux-x86_64-fedora-gcc