Last updated on 2023-12-09 08:49:37 CET.
Flavor | Version | Tinstall | Tcheck | Ttotal | Status | Flags |
---|---|---|---|---|---|---|
r-devel-linux-x86_64-debian-clang | 0.2.0.3 | 1591.02 | 225.37 | 1816.39 | NOTE | |
r-devel-linux-x86_64-debian-gcc | 0.2.0.3 | 1531.01 | 268.20 | 1799.21 | NOTE | |
r-devel-linux-x86_64-fedora-clang | 0.2.0.3 | 2550.25 | NOTE | |||
r-devel-linux-x86_64-fedora-gcc | 0.2.0.3 | 3536.04 | NOTE | |||
r-devel-windows-x86_64 | 0.2.0.3 | 1391.00 | 292.00 | 1683.00 | NOTE | |
r-patched-linux-x86_64 | 0.2.0.3 | 1393.05 | 301.45 | 1694.50 | NOTE | |
r-release-linux-x86_64 | 0.2.0.3 | 1497.66 | 332.42 | 1830.08 | NOTE | |
r-release-macos-arm64 | 0.2.0.3 | 676.00 | NOTE | |||
r-release-macos-x86_64 | 0.2.0.3 | 1113.00 | NOTE | |||
r-release-windows-x86_64 | 0.2.0.3 | 1747.00 | 362.00 | 2109.00 | NOTE | |
r-oldrel-macos-arm64 | 0.2.0.3 | 718.00 | NOTE | |||
r-oldrel-macos-x86_64 | 0.2.0.3 | 790.00 | NOTE | |||
r-oldrel-windows-x86_64 | 0.2.0.3 | 1661.00 | 314.00 | 1975.00 | NOTE |
Version: 0.2.0.3
Check: for GNU extensions in Makefiles
Result: NOTE
GNU make is a SystemRequirements.
Flavors: r-devel-linux-x86_64-debian-clang, r-devel-linux-x86_64-debian-gcc, r-devel-linux-x86_64-fedora-clang, r-devel-linux-x86_64-fedora-gcc, r-devel-windows-x86_64, r-patched-linux-x86_64, r-release-linux-x86_64, r-release-macos-arm64, r-release-macos-x86_64, r-release-windows-x86_64, r-oldrel-macos-arm64, r-oldrel-macos-x86_64, r-oldrel-windows-x86_64
Version: 0.2.0.3
Check: installed package size
Result: NOTE
installed size is 15.7Mb
sub-directories of 1Mb or more:
libs 15.1Mb
Flavors: r-devel-linux-x86_64-fedora-clang, r-devel-windows-x86_64, r-release-macos-arm64, r-release-macos-x86_64, r-release-windows-x86_64, r-oldrel-macos-arm64, r-oldrel-macos-x86_64, r-oldrel-windows-x86_64