CRAN Package Check Results for Package cbq

Last updated on 2023-05-28 22:00:06 CEST.

Flavor Version Tinstall Tcheck Ttotal Status Flags
r-devel-linux-x86_64-debian-clang 0.2.0.3 1650.21 175.12 1825.33 NOTE
r-devel-linux-x86_64-debian-gcc 0.2.0.3 1605.61 233.95 1839.56 NOTE
r-devel-linux-x86_64-fedora-clang 0.2.0.3 2307.53 NOTE
r-devel-linux-x86_64-fedora-gcc 0.2.0.3 3374.27 NOTE
r-devel-windows-x86_64 0.2.0.3 1248.00 259.00 1507.00 NOTE
r-patched-linux-x86_64 0.2.0.3 1318.93 311.12 1630.05 NOTE
r-release-linux-x86_64 0.2.0.3 1238.20 302.80 1541.00 NOTE
r-release-macos-arm64 0.2.0.3 676.00 NOTE
r-release-macos-x86_64 0.2.0.3 1113.00 NOTE
r-release-windows-x86_64 0.2.0.3 1646.00 350.00 1996.00 NOTE
r-oldrel-macos-arm64 0.2.0.3 718.00 NOTE
r-oldrel-macos-x86_64 0.2.0.3 790.00 NOTE
r-oldrel-windows-x86_64 0.2.0.3 1533.00 302.00 1835.00 NOTE

Check Details

Version: 0.2.0.3
Check: for GNU extensions in Makefiles
Result: NOTE
    GNU make is a SystemRequirements.
Flavors: r-devel-linux-x86_64-debian-clang, r-devel-linux-x86_64-debian-gcc, r-devel-linux-x86_64-fedora-clang, r-devel-linux-x86_64-fedora-gcc, r-devel-windows-x86_64, r-patched-linux-x86_64, r-release-linux-x86_64, r-release-macos-arm64, r-release-macos-x86_64, r-release-windows-x86_64, r-oldrel-macos-arm64, r-oldrel-macos-x86_64, r-oldrel-windows-x86_64

Version: 0.2.0.3
Check: installed package size
Result: NOTE
     installed size is 14.6Mb
     sub-directories of 1Mb or more:
     libs 14.2Mb
Flavors: r-devel-linux-x86_64-fedora-clang, r-devel-windows-x86_64, r-release-macos-arm64, r-release-macos-x86_64, r-release-windows-x86_64, r-oldrel-macos-arm64, r-oldrel-macos-x86_64, r-oldrel-windows-x86_64