CRAN Package Check Results for Package cbsodataR

Last updated on 2023-06-08 08:55:17 CEST.

Flavor Version Tinstall Tcheck Ttotal Status Flags
r-devel-linux-x86_64-debian-clang 0.5.1 3.90 38.67 42.57 OK
r-devel-linux-x86_64-debian-gcc 0.5.1 2.92 30.15 33.07 OK
r-devel-linux-x86_64-fedora-clang 0.5.1 53.54 OK
r-devel-linux-x86_64-fedora-gcc 0.5.1 62.65 OK
r-devel-windows-x86_64 0.5.1 10.00 72.00 82.00 OK
r-patched-linux-x86_64 0.5.1 4.76 37.74 42.50 OK
r-release-linux-x86_64 0.5.1 3.72 36.29 40.01 ERROR
r-release-macos-arm64 0.5.1 147.00 ERROR
r-release-macos-x86_64 0.5.1 178.00 OK
r-release-windows-x86_64 0.5.1 4.00 71.00 75.00 OK
r-oldrel-macos-arm64 0.5.1 142.00 ERROR
r-oldrel-macos-x86_64 0.5.1 154.00 ERROR
r-oldrel-windows-x86_64 0.5.1 5.00 68.00 73.00 OK

Check Details

Version: 0.5.1
Check: examples
Result: ERROR
    Running examples in ‘cbsodataR-Ex.R’ failed
    The error most likely occurred in:
    
    > base::assign(".ptime", proc.time(), pos = "CheckExEnv")
    > ### Name: cbs_get_catalogs
    > ### Title: Retrieves the possible catalog values that can be used for
    > ### retrieving data
    > ### Aliases: cbs_get_catalogs
    >
    > ### ** Examples
    >
    > catalogs <- cbs_get_catalogs()
    Warning in open.connection(con, "rb") :
     URL 'http://opendata.cbs.nl/ODataCatalog/Tables?$format=json': status was 'Couldn't resolve host name'
    Warning: Failing: http://opendata.cbs.nl/ODataCatalog/Tables?$format=json
    Retrying...
    Warning in open.connection(con, "rb") :
     URL 'http://opendata.cbs.nl/ODataCatalog/Tables?$format=json': status was 'Couldn't resolve host name'
    Error in open.connection(con, "rb") :
     cannot open the connection to 'http://opendata.cbs.nl/ODataCatalog/Tables?$format=json'
    Calls: cbs_get_catalogs ... parse_and_simplify -> parseJSON -> parse_con -> open -> open.connection
    Execution halted
Flavor: r-release-linux-x86_64

Version: 0.5.1
Check: examples
Result: ERROR
    Running examples in ‘cbsodataR-Ex.R’ failed
    The error most likely occurred in:
    
    > ### Name: cbs_get_catalogs
    > ### Title: Retrieves the possible catalog values that can be used for
    > ### retrieving data
    > ### Aliases: cbs_get_catalogs
    >
    > ### ** Examples
    >
    > catalogs <- cbs_get_catalogs()
    Warning in readBin(3L, raw(0), 32768L) :
     URL 'https://opendata.cbs.nl/ODataCatalog/Tables?$format=json': Timeout of 60 seconds was reached
    Warning: Failing: http://opendata.cbs.nl/ODataCatalog/Tables?$format=json
    Retrying...
    Warning in readBin(3L, raw(0), 32768L) :
     URL 'https://opendata.cbs.nl/ODataCatalog/Tables?$format=json': Timeout of 60 seconds was reached
    Error in readBin(3L, raw(0), 32768L) : cannot read from connection
    Calls: cbs_get_catalogs ... parse_and_simplify -> parseJSON -> parse_con -> readBin
    Execution halted
Flavors: r-release-macos-arm64, r-oldrel-macos-arm64, r-oldrel-macos-x86_64