Last updated on 2024-05-06 00:52:36 CEST.
Flavor | Version | Tinstall | Tcheck | Ttotal | Status | Flags |
---|---|---|---|---|---|---|
r-devel-linux-x86_64-debian-clang | 0.1.0 | 13.32 | 109.73 | 123.05 | OK | |
r-devel-linux-x86_64-debian-gcc | 0.1.0 | 11.23 | 81.06 | 92.29 | OK | |
r-devel-linux-x86_64-fedora-clang | 0.1.0 | 154.65 | NOTE | |||
r-devel-linux-x86_64-fedora-gcc | 0.1.0 | 148.70 | NOTE | |||
r-devel-windows-x86_64 | 0.1.0 | 13.00 | 94.00 | 107.00 | OK | |
r-patched-linux-x86_64 | 0.1.0 | 13.87 | 105.99 | 119.86 | OK | |
r-release-linux-x86_64 | 0.1.0 | 14.61 | 103.15 | 117.76 | OK | |
r-release-macos-arm64 | 0.1.0 | 43.00 | OK | |||
r-release-windows-x86_64 | 0.1.0 | 13.00 | 93.00 | 106.00 | OK | |
r-oldrel-macos-arm64 | 0.1.0 | 43.00 | OK | |||
r-oldrel-macos-x86_64 | 0.1.0 | 78.00 | OK | |||
r-oldrel-windows-x86_64 | 0.1.0 | 16.00 | 115.00 | 131.00 | OK |
Version: 0.1.0
Check: dependencies in R code
Result: NOTE
Namespace in Imports field not imported from: ‘methods’
All declared Imports should be used.
Flavors: r-devel-linux-x86_64-fedora-clang, r-devel-linux-x86_64-fedora-gcc