CRAN Package Check Results for Package ccrs

Last updated on 2024-02-22 00:58:25 CET.

Flavor Version Tinstall Tcheck Ttotal Status Flags
r-devel-linux-x86_64-debian-clang 0.1.0 OK
r-devel-linux-x86_64-debian-gcc 0.1.0 11.30 81.97 93.27 OK
r-devel-linux-x86_64-fedora-clang 0.1.0 150.82 NOTE
r-devel-linux-x86_64-fedora-gcc 0.1.0 156.67 NOTE
r-devel-windows-x86_64 0.1.0 12.00 92.00 104.00 OK
r-patched-linux-x86_64 0.1.0 9.07 108.94 118.01 OK
r-release-linux-x86_64 0.1.0 12.10 106.92 119.02 OK
r-release-macos-arm64 0.1.0 43.00 OK
r-release-macos-x86_64 0.1.0 78.00 OK
r-release-windows-x86_64 0.1.0 15.00 113.00 128.00 OK
r-oldrel-macos-arm64 0.1.0 41.00 NOTE
r-oldrel-windows-x86_64 0.1.0 18.00 117.00 135.00 OK

Check Details

Version: 0.1.0
Check: dependencies in R code
Result: NOTE Namespace in Imports field not imported from: ‘methods’ All declared Imports should be used. Flavors: r-devel-linux-x86_64-fedora-clang, r-devel-linux-x86_64-fedora-gcc, r-oldrel-macos-arm64