Last updated on 2024-03-27 23:59:39 CET.
Flavor | Version | Tinstall | Tcheck | Ttotal | Status | Flags |
---|---|---|---|---|---|---|
r-devel-linux-x86_64-debian-clang | 1.0.6 | 18.33 | 151.83 | 170.16 | NOTE | |
r-devel-linux-x86_64-debian-gcc | 1.0.6 | 13.67 | 112.92 | 126.59 | NOTE | |
r-devel-linux-x86_64-fedora-clang | 1.0.6 | 221.14 | NOTE | |||
r-devel-linux-x86_64-fedora-gcc | 1.0.6 | 206.41 | NOTE | |||
r-devel-windows-x86_64 | 1.0.6 | 14.00 | 117.00 | 131.00 | NOTE | |
r-patched-linux-x86_64 | 1.0.6 | 14.67 | 151.32 | 165.99 | NOTE | |
r-release-linux-x86_64 | 1.0.6 | 17.63 | 148.06 | 165.69 | NOTE | |
r-release-macos-arm64 | 1.0.6 | 26.00 | NOTE | |||
r-release-macos-x86_64 | 1.0.6 | 36.00 | NOTE | |||
r-release-windows-x86_64 | 1.0.6 | 18.00 | 145.00 | 163.00 | NOTE | |
r-oldrel-macos-arm64 | 1.0.6 | 25.00 | OK | |||
r-oldrel-windows-x86_64 | 1.0.6 | 20.00 | 145.00 | 165.00 | OK |
Version: 1.0.6
Check: package subdirectories
Result: NOTE
Problems with news in ‘NEWS.md’:
No news entries found.
Flavors: r-devel-linux-x86_64-debian-clang, r-devel-linux-x86_64-debian-gcc, r-devel-linux-x86_64-fedora-clang, r-devel-linux-x86_64-fedora-gcc, r-devel-windows-x86_64, r-patched-linux-x86_64, r-release-linux-x86_64, r-release-macos-arm64, r-release-macos-x86_64, r-release-windows-x86_64