CRAN Package Check Results for Package cdparcoord

Last updated on 2023-06-08 08:55:17 CEST.

Flavor Version Tinstall Tcheck Ttotal Status Flags
r-devel-linux-x86_64-debian-clang 1.0.1 19.21 149.48 168.69 OK
r-devel-linux-x86_64-debian-gcc 1.0.1 14.58 111.84 126.42 OK
r-devel-linux-x86_64-fedora-clang 1.0.1 208.57 NOTE
r-devel-linux-x86_64-fedora-gcc 1.0.1 209.67 OK
r-devel-windows-x86_64 1.0.1 17.00 116.00 133.00 OK
r-patched-linux-x86_64 1.0.1 15.99 139.40 155.39 OK
r-release-linux-x86_64 1.0.1 16.32 140.16 156.48 OK
r-release-macos-arm64 1.0.1 71.00 OK
r-release-macos-x86_64 1.0.1 109.00 OK
r-release-windows-x86_64 1.0.1 22.00 148.00 170.00 OK
r-oldrel-macos-arm64 1.0.1 34.00 OK
r-oldrel-macos-x86_64 1.0.1 98.00 OK
r-oldrel-windows-x86_64 1.0.1 22.00 144.00 166.00 OK

Check Details

Version: 1.0.1
Check: startup messages can be suppressed
Result: NOTE
    OMP: Warning #96: Cannot form a team with 24 threads, using 2 instead.
    OMP: Hint Consider unsetting KMP_DEVICE_THREAD_LIMIT (KMP_ALL_THREADS), KMP_TEAMS_THREAD_LIMIT, and OMP_THREAD_LIMIT (if any are set).
    
    It looks like this package (or a package it requires) has a startup
    message which cannot be suppressed: see ?packageStartupMessage.
Flavor: r-devel-linux-x86_64-fedora-clang