Last updated on 2024-03-28 23:55:02 CET.
Flavor | Version | Tinstall | Tcheck | Ttotal | Status | Flags |
---|---|---|---|---|---|---|
r-devel-linux-x86_64-debian-clang | 0.8.0 | 2.75 | 24.00 | 26.75 | NOTE | |
r-devel-linux-x86_64-debian-gcc | 0.8.0 | 1.99 | 18.33 | 20.32 | NOTE | |
r-devel-linux-x86_64-fedora-clang | 0.8.0 | 32.97 | NOTE | |||
r-devel-linux-x86_64-fedora-gcc | 0.8.0 | 32.08 | NOTE | |||
r-devel-windows-x86_64 | 0.8.0 | 3.00 | 40.00 | 43.00 | NOTE | |
r-patched-linux-x86_64 | 0.8.0 | 1.64 | 22.50 | 24.14 | NOTE | |
r-release-linux-x86_64 | 0.8.0 | 2.65 | 22.58 | 25.23 | OK | |
r-release-macos-arm64 | 0.8.0 | 17.00 | OK | |||
r-release-macos-x86_64 | 0.8.0 | 20.00 | OK | |||
r-release-windows-x86_64 | 0.8.0 | 3.00 | 39.00 | 42.00 | OK | |
r-oldrel-macos-arm64 | 0.8.0 | 15.00 | OK | |||
r-oldrel-windows-x86_64 | 0.8.0 | 4.00 | 43.00 | 47.00 | OK |
Version: 0.8.0
Check: Rd files
Result: NOTE
checkRd: (-1) listCensusApis.Rd:10: Lost braces; missing escapes or markup?
10 | Scrapes {https://api.census.gov/data.json} and returns a dataframe
| ^
Flavors: r-devel-linux-x86_64-debian-clang, r-devel-linux-x86_64-debian-gcc, r-devel-linux-x86_64-fedora-clang, r-devel-linux-x86_64-fedora-gcc, r-devel-windows-x86_64, r-patched-linux-x86_64