Last updated on 2024-04-24 00:55:37 CEST.
Flavor | Version | Tinstall | Tcheck | Ttotal | Status | Flags |
---|---|---|---|---|---|---|
r-devel-linux-x86_64-debian-clang | 0.0.4 | 4.90 | 48.66 | 53.56 | NOTE | |
r-devel-linux-x86_64-debian-gcc | 0.0.4 | 4.09 | 36.04 | 40.13 | NOTE | |
r-devel-linux-x86_64-fedora-clang | 0.0.4 | 72.84 | NOTE | |||
r-devel-linux-x86_64-fedora-gcc | 0.0.4 | 76.61 | NOTE | |||
r-prerel-macos-arm64 | 0.0.4 | 30.00 | NOTE | |||
r-prerel-windows-x86_64 | 0.0.4 | 7.00 | 55.00 | 62.00 | NOTE | |
r-patched-linux-x86_64 | 0.0.4 | 5.26 | 45.88 | 51.14 | NOTE | |
r-release-linux-x86_64 | 0.0.4 | 4.92 | 44.10 | 49.02 | NOTE | |
r-release-macos-arm64 | 0.0.4 | 30.00 | NOTE | |||
r-release-macos-x86_64 | 0.0.4 | 45.00 | NOTE | |||
r-release-windows-x86_64 | 0.0.4 | 6.00 | 60.00 | 66.00 | NOTE | |
r-oldrel-macos-arm64 | 0.0.4 | 24.00 | NOTE | |||
r-oldrel-windows-x86_64 | 0.0.4 | 7.00 | 62.00 | 69.00 | NOTE |
Version: 0.0.4
Check: Rd files
Result: NOTE
checkRd: (-1) call_api_once.Rd:36: Lost braces
36 | A code{data.frame} with the requested variables at the requested
| ^
Flavors: r-devel-linux-x86_64-debian-clang, r-devel-linux-x86_64-debian-gcc, r-devel-linux-x86_64-fedora-clang, r-devel-linux-x86_64-fedora-gcc, r-prerel-macos-arm64, r-prerel-windows-x86_64, r-patched-linux-x86_64
Version: 0.0.4
Check: LazyData
Result: NOTE
'LazyData' is specified without a 'data' directory
Flavors: r-devel-linux-x86_64-debian-clang, r-devel-linux-x86_64-debian-gcc, r-devel-linux-x86_64-fedora-clang, r-devel-linux-x86_64-fedora-gcc, r-prerel-macos-arm64, r-prerel-windows-x86_64, r-patched-linux-x86_64, r-release-linux-x86_64, r-release-macos-arm64, r-release-macos-x86_64, r-release-windows-x86_64, r-oldrel-macos-arm64, r-oldrel-windows-x86_64