Last updated on 2023-06-08 08:55:17 CEST.
Flavor | Version | Tinstall | Tcheck | Ttotal | Status | Flags |
---|---|---|---|---|---|---|
r-devel-linux-x86_64-debian-clang | 0.1.2 | 5.09 | 38.94 | 44.03 | NOTE | |
r-devel-linux-x86_64-debian-gcc | 0.1.2 | 3.16 | 29.66 | 32.82 | NOTE | |
r-devel-linux-x86_64-fedora-clang | 0.1.2 | 54.69 | NOTE | |||
r-devel-linux-x86_64-fedora-gcc | 0.1.2 | 50.81 | NOTE | |||
r-devel-windows-x86_64 | 0.1.2 | 7.00 | 50.00 | 57.00 | NOTE | |
r-patched-linux-x86_64 | 0.1.2 | 4.24 | 36.64 | 40.88 | NOTE | |
r-release-linux-x86_64 | 0.1.2 | 4.07 | 36.78 | 40.85 | NOTE | |
r-release-macos-arm64 | 0.1.2 | 21.00 | NOTE | |||
r-release-macos-x86_64 | 0.1.2 | 30.00 | NOTE | |||
r-release-windows-x86_64 | 0.1.2 | 7.00 | 53.00 | 60.00 | NOTE | |
r-oldrel-macos-arm64 | 0.1.2 | 20.00 | NOTE | |||
r-oldrel-macos-x86_64 | 0.1.2 | 41.00 | NOTE | |||
r-oldrel-windows-x86_64 | 0.1.2 | 8.00 | 56.00 | 64.00 | NOTE |
Version: 0.1.2
Check: LazyData
Result: NOTE
'LazyData' is specified without a 'data' directory
Flavors: r-devel-linux-x86_64-debian-clang, r-devel-linux-x86_64-debian-gcc, r-devel-linux-x86_64-fedora-clang, r-devel-linux-x86_64-fedora-gcc, r-devel-windows-x86_64, r-patched-linux-x86_64, r-release-linux-x86_64, r-release-macos-arm64, r-release-macos-x86_64, r-release-windows-x86_64, r-oldrel-macos-arm64, r-oldrel-macos-x86_64, r-oldrel-windows-x86_64