Last updated on 2023-05-28 22:00:06 CEST.
Flavor | Version | Tinstall | Tcheck | Ttotal | Status | Flags |
---|---|---|---|---|---|---|
r-devel-linux-x86_64-debian-clang | 1.0.0 | 3.04 | 33.21 | 36.25 | OK | |
r-devel-linux-x86_64-debian-gcc | 1.0.0 | 1.57 | 26.15 | 27.72 | OK | |
r-devel-linux-x86_64-fedora-clang | 1.0.0 | 46.72 | NOTE | |||
r-devel-linux-x86_64-fedora-gcc | 1.0.0 | 55.17 | NOTE | |||
r-devel-windows-x86_64 | 1.0.0 | 5.00 | 49.00 | 54.00 | OK | |
r-patched-linux-x86_64 | 1.0.0 | 3.08 | 32.31 | 35.39 | OK | |
r-release-linux-x86_64 | 1.0.0 | 2.69 | 32.13 | 34.82 | OK | |
r-release-macos-arm64 | 1.0.0 | 29.00 | OK | |||
r-release-macos-x86_64 | 1.0.0 | 34.00 | OK | |||
r-release-windows-x86_64 | 1.0.0 | 5.00 | 50.00 | 55.00 | OK | |
r-oldrel-macos-arm64 | 1.0.0 | 19.00 | NOTE | |||
r-oldrel-macos-x86_64 | 1.0.0 | 35.00 | NOTE | |||
r-oldrel-windows-x86_64 | 1.0.0 | 5.00 | 50.00 | 55.00 | OK |
Version: 1.0.0
Check: dependencies in R code
Result: NOTE
Namespace in Imports field not imported from: ‘lmtest’
All declared Imports should be used.
Flavors: r-devel-linux-x86_64-fedora-clang, r-devel-linux-x86_64-fedora-gcc, r-oldrel-macos-arm64, r-oldrel-macos-x86_64