CRAN Package Check Results for Package cgAUC

Last updated on 2024-06-18 16:49:46 CEST.

Flavor Version Tinstall Tcheck Ttotal Status Flags
r-devel-linux-x86_64-debian-clang 1.2.1 22.80 28.40 51.20 NOTE
r-devel-linux-x86_64-debian-gcc 1.2.1 14.09 22.01 36.10 NOTE
r-devel-linux-x86_64-fedora-clang 1.2.1 68.66 NOTE
r-devel-linux-x86_64-fedora-gcc 1.2.1 66.00 NOTE
r-devel-windows-x86_64 1.2.1 16.00 61.00 77.00 NOTE
r-patched-linux-x86_64 1.2.1 19.00 27.65 46.65 NOTE
r-release-linux-x86_64 1.2.1 18.76 27.06 45.82 NOTE
r-release-macos-arm64 1.2.1 21.00 NOTE
r-release-macos-x86_64 1.2.1 35.00 NOTE
r-release-windows-x86_64 1.2.1 18.00 62.00 80.00 NOTE
r-oldrel-macos-arm64 1.2.1 23.00 NOTE
r-oldrel-macos-x86_64 1.2.1 32.00 NOTE
r-oldrel-windows-x86_64 1.2.1 20.00 70.00 90.00 NOTE

Check Details

Version: 1.2.1
Check: DESCRIPTION meta-information
Result: NOTE Malformed Title field: should not end in a period. Flavors: r-devel-linux-x86_64-debian-clang, r-devel-linux-x86_64-debian-gcc, r-devel-linux-x86_64-fedora-clang, r-devel-linux-x86_64-fedora-gcc, r-devel-windows-x86_64, r-patched-linux-x86_64, r-release-linux-x86_64, r-release-macos-arm64, r-release-macos-x86_64, r-release-windows-x86_64, r-oldrel-macos-arm64, r-oldrel-macos-x86_64, r-oldrel-windows-x86_64

Version: 1.2.1
Check: compiled code
Result: NOTE File ‘cgAUC/libs/cgAUC.so’: Found no calls to: ‘R_registerRoutines’, ‘R_useDynamicSymbols’ It is good practice to register native routines and to disable symbol search. See ‘Writing portable packages’ in the ‘Writing R Extensions’ manual. Flavors: r-devel-linux-x86_64-fedora-clang, r-devel-linux-x86_64-fedora-gcc