Last updated on 2023-06-10 16:53:31 CEST.
Flavor | Version | Tinstall | Tcheck | Ttotal | Status | Flags |
---|---|---|---|---|---|---|
r-devel-linux-x86_64-debian-clang | 2.1.0 | 1312.52 | 112.88 | 1425.40 | OK | |
r-devel-linux-x86_64-debian-gcc | 2.1.0 | 1133.50 | 150.19 | 1283.69 | OK | |
r-devel-linux-x86_64-fedora-clang | 2.1.0 | 1181.91 | NOTE | |||
r-devel-linux-x86_64-fedora-gcc | 2.1.0 | 2424.12 | NOTE | |||
r-devel-windows-x86_64 | 2.1.0 | 957.00 | 236.00 | 1193.00 | NOTE | |
r-patched-linux-x86_64 | 2.1.0 | 1111.44 | 217.62 | 1329.06 | OK | |
r-release-linux-x86_64 | 2.1.0 | 1142.93 | 223.63 | 1366.56 | OK | |
r-release-macos-arm64 | 2.1.0 | 553.00 | NOTE | |||
r-release-macos-x86_64 | 2.0.0 | 474.00 | NOTE | |||
r-release-windows-x86_64 | 2.1.0 | 1264.00 | 295.00 | 1559.00 | NOTE | |
r-oldrel-macos-arm64 | 2.1.0 | 539.00 | NOTE | |||
r-oldrel-macos-x86_64 | 2.1.0 | 21.00 | ERROR | |||
r-oldrel-windows-x86_64 | 2.1.0 | 1198.00 | 221.00 | 1419.00 | NOTE |
Version: 2.1.0
Check: installed package size
Result: NOTE
installed size is 15.4Mb
sub-directories of 1Mb or more:
extdata 1.4Mb
libs 13.4Mb
Flavors: r-devel-linux-x86_64-fedora-clang, r-devel-windows-x86_64, r-release-macos-arm64, r-release-windows-x86_64, r-oldrel-macos-arm64, r-oldrel-windows-x86_64
Version: 2.1.0
Check: dependencies in R code
Result: NOTE
Namespace in Imports field not imported from: ‘utils’
All declared Imports should be used.
Flavors: r-devel-linux-x86_64-fedora-clang, r-devel-linux-x86_64-fedora-gcc
Version: 2.0.0
Check: installed package size
Result: NOTE
installed size is 189.1Mb
sub-directories of 1Mb or more:
extdata 1.4Mb
libs 187.1Mb
Flavor: r-release-macos-x86_64
Version: 2.1.0
Check: whether package can be installed
Result: ERROR
Installation failed.
Flavor: r-oldrel-macos-x86_64