Last updated on 2023-06-10 16:53:32 CEST.
Flavor | Version | Tinstall | Tcheck | Ttotal | Status | Flags |
---|---|---|---|---|---|---|
r-devel-linux-x86_64-debian-clang | 2.0.6 | 17.63 | 73.88 | 91.51 | NOTE | |
r-devel-linux-x86_64-debian-gcc | 2.0.6 | 13.13 | 56.16 | 69.29 | NOTE | |
r-devel-linux-x86_64-fedora-clang | 2.0.6 | 117.18 | NOTE | |||
r-devel-linux-x86_64-fedora-gcc | 2.0.6 | 115.40 | NOTE | |||
r-devel-windows-x86_64 | 2.0.6 | 26.00 | 87.00 | 113.00 | NOTE | |
r-patched-linux-x86_64 | 2.0.6 | 19.40 | 70.63 | 90.03 | NOTE | |
r-release-linux-x86_64 | 2.0.6 | 18.20 | 71.71 | 89.91 | NOTE | |
r-release-macos-arm64 | 2.0.6 | 41.00 | NOTE | |||
r-release-macos-x86_64 | 2.0.6 | 59.00 | NOTE | |||
r-release-windows-x86_64 | 2.0.6 | 29.00 | 99.00 | 128.00 | NOTE | |
r-oldrel-macos-arm64 | 2.0.6 | 44.00 | OK | |||
r-oldrel-macos-x86_64 | 2.0.6 | 51.00 | OK | |||
r-oldrel-windows-x86_64 | 2.0.6 | 27.00 | 94.00 | 121.00 | OK |
Version: 2.0.6
Check: Rd \usage sections
Result: NOTE
S3 methods shown with full name in documentation object ‘select.cglasso’:
‘select.cglasso’
The \usage entries for S3 methods should use the \method markup and not
their full name.
See chapter ‘Writing R documentation files’ in the ‘Writing R
Extensions’ manual.
Flavors: r-devel-linux-x86_64-debian-clang, r-devel-linux-x86_64-debian-gcc, r-devel-linux-x86_64-fedora-clang, r-devel-linux-x86_64-fedora-gcc, r-devel-windows-x86_64, r-patched-linux-x86_64, r-release-linux-x86_64, r-release-macos-arm64, r-release-macos-x86_64, r-release-windows-x86_64