Last updated on 2023-12-04 00:52:36 CET.
Flavor | Version | Tinstall | Tcheck | Ttotal | Status | Flags |
---|---|---|---|---|---|---|
r-devel-linux-x86_64-debian-clang | 2.0.6 | 23.05 | 74.27 | 97.32 | NOTE | |
r-devel-linux-x86_64-debian-gcc | 2.0.6 | 14.32 | 55.44 | 69.76 | NOTE | |
r-devel-linux-x86_64-fedora-clang | 2.0.6 | 117.92 | NOTE | |||
r-devel-linux-x86_64-fedora-gcc | 2.0.6 | 113.88 | NOTE | |||
r-devel-windows-x86_64 | 2.0.6 | 24.00 | 86.00 | 110.00 | NOTE | |
r-patched-linux-x86_64 | 2.0.6 | 16.58 | 71.64 | 88.22 | NOTE | |
r-release-linux-x86_64 | 2.0.6 | 20.85 | 71.02 | 91.87 | NOTE | |
r-release-macos-arm64 | 2.0.6 | 41.00 | NOTE | |||
r-release-macos-x86_64 | 2.0.6 | 59.00 | NOTE | |||
r-release-windows-x86_64 | 2.0.6 | 29.00 | 95.00 | 124.00 | NOTE | |
r-oldrel-macos-arm64 | 2.0.6 | 44.00 | OK | |||
r-oldrel-macos-x86_64 | 2.0.6 | 51.00 | OK | |||
r-oldrel-windows-x86_64 | 2.0.6 | 27.00 | 96.00 | 123.00 | OK |
Version: 2.0.6
Check: Rd \usage sections
Result: NOTE
S3 methods shown with full name in Rd file 'select.cglasso.Rd':
‘select.cglasso’
The \usage entries for S3 methods should use the \method markup and not
their full name.
See chapter ‘Writing R documentation files’ in the ‘Writing R
Extensions’ manual.
Flavors: r-devel-linux-x86_64-debian-clang, r-devel-linux-x86_64-debian-gcc, r-devel-linux-x86_64-fedora-clang, r-devel-linux-x86_64-fedora-gcc, r-devel-windows-x86_64
Version: 2.0.6
Check: Rd \usage sections
Result: NOTE
S3 methods shown with full name in documentation object 'select.cglasso':
‘select.cglasso’
The \usage entries for S3 methods should use the \method markup and not
their full name.
See chapter ‘Writing R documentation files’ in the ‘Writing R
Extensions’ manual.
Flavors: r-patched-linux-x86_64, r-release-linux-x86_64, r-release-macos-arm64, r-release-macos-x86_64, r-release-windows-x86_64