CRAN Package Check Results for Package ch

Last updated on 2021-10-25 04:54:04 CEST.

Flavor Version Tinstall Tcheck Ttotal Status Flags
r-devel-linux-x86_64-debian-clang 0.1.0.2 5.69 68.63 74.32 OK
r-devel-linux-x86_64-debian-gcc 0.1.0.2 4.30 49.85 54.15 OK
r-devel-linux-x86_64-fedora-clang 0.1.0.2 97.15 OK
r-devel-linux-x86_64-fedora-gcc 0.1.0.2 85.86 OK
r-devel-windows-x86_64 0.1.0.2 12.00 94.00 106.00 OK
r-devel-windows-x86_64-gcc10-UCRT 0.1.0.2 OK
r-patched-linux-x86_64 0.1.0.2 10.09 62.65 72.74 OK
r-patched-solaris-x86 0.1.0.2 117.30 OK
r-release-linux-x86_64 0.1.0.2 5.30 62.93 68.23 OK
r-release-macos-arm64 0.1.0.2 OK
r-release-macos-x86_64 0.1.0.2 OK
r-release-windows-ix86+x86_64 0.1.0.2 15.00 89.00 104.00 OK
r-oldrel-macos-x86_64 0.1.0.2 ERROR
r-oldrel-windows-ix86+x86_64 0.1.0.2 2.00 8.00 10.00 ERROR

Check Details

Version: 0.1.0.2
Check: whether package can be installed
Result: ERROR
    Installation failed.
Flavors: r-oldrel-macos-x86_64, r-oldrel-windows-ix86+x86_64