Last updated on 2023-06-02 07:55:18 CEST.
Flavor | Version | Tinstall | Tcheck | Ttotal | Status | Flags |
---|---|---|---|---|---|---|
r-devel-linux-x86_64-debian-clang | 1.0.0 | 3.27 | 130.15 | 133.42 | OK | |
r-devel-linux-x86_64-debian-gcc | 1.0.0 | 2.66 | 98.69 | 101.35 | OK | |
r-devel-linux-x86_64-fedora-clang | 1.0.0 | 159.63 | NOTE | |||
r-devel-linux-x86_64-fedora-gcc | 1.0.0 | 171.39 | NOTE | |||
r-devel-windows-x86_64 | 1.0.0 | 5.00 | 117.00 | 122.00 | OK | |
r-patched-linux-x86_64 | 1.0.0 | OK | ||||
r-release-linux-x86_64 | 1.0.0 | 3.06 | 124.78 | 127.84 | OK | |
r-release-macos-arm64 | 1.0.0 | 57.00 | OK | |||
r-release-macos-x86_64 | 1.0.0 | 99.00 | OK | |||
r-release-windows-x86_64 | 1.0.0 | 6.00 | 147.00 | 153.00 | OK | |
r-oldrel-macos-arm64 | 1.0.0 | 45.00 | NOTE | |||
r-oldrel-macos-x86_64 | 1.0.0 | 78.00 | NOTE | |||
r-oldrel-windows-x86_64 | 1.0.0 | 6.00 | 143.00 | 149.00 | OK |
Version: 1.0.0
Check: dependencies in R code
Result: NOTE
Namespaces in Imports field not imported from:
‘AER’ ‘graphics’ ‘lmtest’
All declared Imports should be used.
Flavors: r-devel-linux-x86_64-fedora-clang, r-devel-linux-x86_64-fedora-gcc, r-oldrel-macos-arm64, r-oldrel-macos-x86_64